{"id":8575,"date":"2018-03-27T15:02:20","date_gmt":"2018-03-27T13:02:20","guid":{"rendered":"http:\/\/www.immamestre.com\/?post_type=project&#038;p=8575"},"modified":"2018-03-27T15:56:32","modified_gmt":"2018-03-27T13:56:32","slug":"escuela-estel","status":"publish","type":"project","link":"https:\/\/old.immamestre.com\/es\/project\/escuela-estel\/","title":{"rendered":"Escuela Estel"},"content":{"rendered":"<p>[et_pb_section bb_built=\u00bb1&#8243;][et_pb_row][et_pb_column type=\u00bb4_4&#8243;][et_pb_text _builder_version=\u00bb3.0.106&#8243; background_layout=\u00bblight\u00bb header_font=\u00bb|700|||||||\u00bb header_text_color=\u00bb#000000&#8243;]<\/p>\n<h1><span style=\"color: #000000;\">Escuela Estel<\/span><\/h1>\n<p>[\/et_pb_text][et_pb_gallery _builder_version=\u00bb3.0.106&#8243; posts_number=\u00bb5&#8243; show_title_and_caption=\u00bboff\u00bb show_pagination=\u00bbon\u00bb gallery_ids=\u00bb8584,8579,8576,8577,8578&#8243; fullwidth=\u00bbon\u00bb orientation=\u00bblandscape\u00bb zoom_icon_color=\u00bb#ffa300&#8243; hover_overlay_color=\u00bbrgba(255,255,255,0.9)\u00bb background_layout=\u00bblight\u00bb pagination_font_size_tablet=\u00bb51&#8243; pagination_line_height_tablet=\u00bb2&#8243; \/][\/et_pb_column][\/et_pb_row][et_pb_row][et_pb_column type=\u00bb2_3&#8243;][et_pb_text _builder_version=\u00bb3.0.106&#8243; background_layout=\u00bblight\u00bb]<\/p>\n<p>Ilustraciones en vinilo para decorar la puerta principal del colegio Estel de Esparreguera.<\/p>\n<p>(puedes ver las ilustraciones anteriores <a href=\"http:\/\/www.immamestre.com\/project\/escola-estel\/\" target=\"_blank\" rel=\"noopener\">aqu\u00ed<\/a>)<\/p>\n<p>[\/et_pb_text][\/et_pb_column][et_pb_column type=\u00bb1_3&#8243;][et_pb_text _builder_version=\u00bb3.0.106&#8243; background_layout=\u00bblight\u00bb]<\/p>\n<p><strong>Cliente:<\/strong> Escola Estel\u00a0d\u2019Esparreguera.<strong><br \/>\n<\/strong><\/p>\n<p><strong>Material:<\/strong> Vinilo<\/p>\n<p><strong>A\u00f1o:<\/strong> 2018<\/p>\n<p><strong>T\u00e9cnica:<\/strong> Vectorial<\/p>\n<p>[\/et_pb_text][\/et_pb_column][\/et_pb_row][\/et_pb_section]<\/p>\n","protected":false},"excerpt":{"rendered":"<p><div class=\"et_pb_row et_pb_row_0 et_pb_row_empty\">\n\t\t\t\t\n\t\t\t\t\n\t\t\t\t\n\t\t\t\t\n\t\t\t\t\n\t\t\t<\/div> Escuela Estel <div class=\"et_pb_row et_pb_row_1 et_pb_row_empty\">\n\t\t\t\t\n\t\t\t\t\n\t\t\t\t\n\t\t\t\t\n\t\t\t\t\n\t\t\t<\/div> Ilustraciones en vinilo para decorar la puerta principal del colegio Estel de Esparreguera. (puedes ver las ilustraciones anteriores aqu\u00ed) Cliente: Escola Estel\u00a0d\u2019Esparreguera. Material: Vinilo A\u00f1o: 2018 T\u00e9cnica: Vectorial<\/p>\n","protected":false},"author":1,"featured_media":8583,"comment_status":"open","ping_status":"closed","template":"","meta":{"_et_pb_use_builder":"on","_et_pb_old_content":"","_et_gb_content_width":"","_monsterinsights_skip_tracking":false,"_monsterinsights_sitenote_active":false,"_monsterinsights_sitenote_note":"","_monsterinsights_sitenote_category":0,"footnotes":""},"project_category":[384],"project_tag":[],"class_list":["post-8575","project","type-project","status-publish","has-post-thumbnail","hentry","project_category-publicidad"],"yoast_head":"<!-- This site is optimized with the Yoast SEO plugin v26.1.1 - https:\/\/yoast.com\/wordpress\/plugins\/seo\/ -->\n<title>Escuela Estel - Imma Mestre | Ilustraci\u00f3n<\/title>\n<meta name=\"robots\" content=\"index, follow, max-snippet:-1, max-image-preview:large, max-video-preview:-1\" \/>\n<link rel=\"canonical\" href=\"https:\/\/old.immamestre.com\/project\/escola-estel-2\/\" \/>\n<meta property=\"og:locale\" content=\"es_ES\" \/>\n<meta property=\"og:type\" content=\"article\" \/>\n<meta property=\"og:title\" content=\"Escuela Estel - Imma Mestre | Ilustraci\u00f3n\" \/>\n<meta property=\"og:description\" content=\"Escuela Estel Ilustraciones en vinilo para decorar la puerta principal del colegio Estel de Esparreguera. (puedes ver las ilustraciones anteriores aqu\u00ed) Cliente: Escola Estel\u00a0d\u2019Esparreguera. Material: Vinilo A\u00f1o: 2018 T\u00e9cnica: Vectorial\" \/>\n<meta property=\"og:url\" content=\"https:\/\/old.immamestre.com\/project\/escola-estel-2\/\" \/>\n<meta property=\"og:site_name\" content=\"Imma Mestre | Ilustraci\u00f3n\" \/>\n<meta property=\"article:modified_time\" content=\"2018-03-27T13:56:32+00:00\" \/>\n<meta property=\"og:image\" content=\"https:\/\/old.immamestre.com\/wp-content\/uploads\/2018\/03\/vinilsEstel2018-immamestre_Destacada.jpg\" \/>\n\t<meta property=\"og:image:width\" content=\"275\" \/>\n\t<meta property=\"og:image:height\" content=\"200\" \/>\n\t<meta property=\"og:image:type\" content=\"image\/jpeg\" \/>\n<meta name=\"twitter:label1\" content=\"Tiempo de lectura\" \/>\n\t<meta name=\"twitter:data1\" content=\"1 minuto\" \/>\n<script type=\"application\/ld+json\" class=\"yoast-schema-graph\">{\"@context\":\"https:\/\/schema.org\",\"@graph\":[{\"@type\":\"WebPage\",\"@id\":\"https:\/\/old.immamestre.com\/project\/escola-estel-2\/\",\"url\":\"https:\/\/old.immamestre.com\/project\/escola-estel-2\/\",\"name\":\"Escuela Estel - Imma Mestre | Ilustraci\u00f3n\",\"isPartOf\":{\"@id\":\"https:\/\/old.immamestre.com\/#website\"},\"primaryImageOfPage\":{\"@id\":\"https:\/\/old.immamestre.com\/project\/escola-estel-2\/#primaryimage\"},\"image\":{\"@id\":\"https:\/\/old.immamestre.com\/project\/escola-estel-2\/#primaryimage\"},\"thumbnailUrl\":\"https:\/\/old.immamestre.com\/wp-content\/uploads\/2018\/03\/vinilsEstel2018-immamestre_Destacada.jpg\",\"datePublished\":\"2018-03-27T13:02:20+00:00\",\"dateModified\":\"2018-03-27T13:56:32+00:00\",\"breadcrumb\":{\"@id\":\"https:\/\/old.immamestre.com\/project\/escola-estel-2\/#breadcrumb\"},\"inLanguage\":\"es\",\"potentialAction\":[{\"@type\":\"ReadAction\",\"target\":[\"https:\/\/old.immamestre.com\/project\/escola-estel-2\/\"]}]},{\"@type\":\"ImageObject\",\"inLanguage\":\"es\",\"@id\":\"https:\/\/old.immamestre.com\/project\/escola-estel-2\/#primaryimage\",\"url\":\"https:\/\/old.immamestre.com\/wp-content\/uploads\/2018\/03\/vinilsEstel2018-immamestre_Destacada.jpg\",\"contentUrl\":\"https:\/\/old.immamestre.com\/wp-content\/uploads\/2018\/03\/vinilsEstel2018-immamestre_Destacada.jpg\",\"width\":275,\"height\":200},{\"@type\":\"BreadcrumbList\",\"@id\":\"https:\/\/old.immamestre.com\/project\/escola-estel-2\/#breadcrumb\",\"itemListElement\":[{\"@type\":\"ListItem\",\"position\":1,\"name\":\"Home\",\"item\":\"https:\/\/old.immamestre.com\/\"},{\"@type\":\"ListItem\",\"position\":2,\"name\":\"Projects\",\"item\":\"https:\/\/old.immamestre.com\/project\/\"},{\"@type\":\"ListItem\",\"position\":3,\"name\":\"Escuela Estel\"}]},{\"@type\":\"WebSite\",\"@id\":\"https:\/\/old.immamestre.com\/#website\",\"url\":\"https:\/\/old.immamestre.com\/\",\"name\":\"Imma Mestre | Ilustraci\u00f3n\",\"description\":\"ilustraci\u00f3n\",\"publisher\":{\"@id\":\"https:\/\/old.immamestre.com\/#\/schema\/person\/f649c9039586af566b698906bc9da076\"},\"potentialAction\":[{\"@type\":\"SearchAction\",\"target\":{\"@type\":\"EntryPoint\",\"urlTemplate\":\"https:\/\/old.immamestre.com\/?s={search_term_string}\"},\"query-input\":{\"@type\":\"PropertyValueSpecification\",\"valueRequired\":true,\"valueName\":\"search_term_string\"}}],\"inLanguage\":\"es\"},{\"@type\":[\"Person\",\"Organization\"],\"@id\":\"https:\/\/old.immamestre.com\/#\/schema\/person\/f649c9039586af566b698906bc9da076\",\"name\":\"Imma Mestre\",\"image\":{\"@type\":\"ImageObject\",\"inLanguage\":\"es\",\"@id\":\"https:\/\/old.immamestre.com\/#\/schema\/person\/image\/\",\"url\":\"https:\/\/secure.gravatar.com\/avatar\/fe9530742331fb8e4cb4de875d82303426947d472e41eb783b6dc62694aa6aff?s=96&d=mm&r=g\",\"contentUrl\":\"https:\/\/secure.gravatar.com\/avatar\/fe9530742331fb8e4cb4de875d82303426947d472e41eb783b6dc62694aa6aff?s=96&d=mm&r=g\",\"caption\":\"Imma Mestre\"},\"logo\":{\"@id\":\"https:\/\/old.immamestre.com\/#\/schema\/person\/image\/\"},\"description\":\"Hola soy Imma. Ilustradora. Hablo a trav\u00e9s de ilustraciones. Dame un l\u00e1piz y pinto tu mundo con historias ilustradas que te har\u00e1n despuntar.\",\"sameAs\":[\"https:\/\/www.immamestre.com\"]}]}<\/script>\n<!-- \/ Yoast SEO plugin. -->","yoast_head_json":{"title":"Escuela Estel - Imma Mestre | Ilustraci\u00f3n","robots":{"index":"index","follow":"follow","max-snippet":"max-snippet:-1","max-image-preview":"max-image-preview:large","max-video-preview":"max-video-preview:-1"},"canonical":"https:\/\/old.immamestre.com\/project\/escola-estel-2\/","og_locale":"es_ES","og_type":"article","og_title":"Escuela Estel - Imma Mestre | Ilustraci\u00f3n","og_description":"Escuela Estel Ilustraciones en vinilo para decorar la puerta principal del colegio Estel de Esparreguera. (puedes ver las ilustraciones anteriores aqu\u00ed) Cliente: Escola Estel\u00a0d\u2019Esparreguera. Material: Vinilo A\u00f1o: 2018 T\u00e9cnica: Vectorial","og_url":"https:\/\/old.immamestre.com\/project\/escola-estel-2\/","og_site_name":"Imma Mestre | Ilustraci\u00f3n","article_modified_time":"2018-03-27T13:56:32+00:00","og_image":[{"width":275,"height":200,"url":"https:\/\/old.immamestre.com\/wp-content\/uploads\/2018\/03\/vinilsEstel2018-immamestre_Destacada.jpg","type":"image\/jpeg"}],"twitter_misc":{"Tiempo de lectura":"1 minuto"},"schema":{"@context":"https:\/\/schema.org","@graph":[{"@type":"WebPage","@id":"https:\/\/old.immamestre.com\/project\/escola-estel-2\/","url":"https:\/\/old.immamestre.com\/project\/escola-estel-2\/","name":"Escuela Estel - Imma Mestre | Ilustraci\u00f3n","isPartOf":{"@id":"https:\/\/old.immamestre.com\/#website"},"primaryImageOfPage":{"@id":"https:\/\/old.immamestre.com\/project\/escola-estel-2\/#primaryimage"},"image":{"@id":"https:\/\/old.immamestre.com\/project\/escola-estel-2\/#primaryimage"},"thumbnailUrl":"https:\/\/old.immamestre.com\/wp-content\/uploads\/2018\/03\/vinilsEstel2018-immamestre_Destacada.jpg","datePublished":"2018-03-27T13:02:20+00:00","dateModified":"2018-03-27T13:56:32+00:00","breadcrumb":{"@id":"https:\/\/old.immamestre.com\/project\/escola-estel-2\/#breadcrumb"},"inLanguage":"es","potentialAction":[{"@type":"ReadAction","target":["https:\/\/old.immamestre.com\/project\/escola-estel-2\/"]}]},{"@type":"ImageObject","inLanguage":"es","@id":"https:\/\/old.immamestre.com\/project\/escola-estel-2\/#primaryimage","url":"https:\/\/old.immamestre.com\/wp-content\/uploads\/2018\/03\/vinilsEstel2018-immamestre_Destacada.jpg","contentUrl":"https:\/\/old.immamestre.com\/wp-content\/uploads\/2018\/03\/vinilsEstel2018-immamestre_Destacada.jpg","width":275,"height":200},{"@type":"BreadcrumbList","@id":"https:\/\/old.immamestre.com\/project\/escola-estel-2\/#breadcrumb","itemListElement":[{"@type":"ListItem","position":1,"name":"Home","item":"https:\/\/old.immamestre.com\/"},{"@type":"ListItem","position":2,"name":"Projects","item":"https:\/\/old.immamestre.com\/project\/"},{"@type":"ListItem","position":3,"name":"Escuela Estel"}]},{"@type":"WebSite","@id":"https:\/\/old.immamestre.com\/#website","url":"https:\/\/old.immamestre.com\/","name":"Imma Mestre | Ilustraci\u00f3n","description":"ilustraci\u00f3n","publisher":{"@id":"https:\/\/old.immamestre.com\/#\/schema\/person\/f649c9039586af566b698906bc9da076"},"potentialAction":[{"@type":"SearchAction","target":{"@type":"EntryPoint","urlTemplate":"https:\/\/old.immamestre.com\/?s={search_term_string}"},"query-input":{"@type":"PropertyValueSpecification","valueRequired":true,"valueName":"search_term_string"}}],"inLanguage":"es"},{"@type":["Person","Organization"],"@id":"https:\/\/old.immamestre.com\/#\/schema\/person\/f649c9039586af566b698906bc9da076","name":"Imma Mestre","image":{"@type":"ImageObject","inLanguage":"es","@id":"https:\/\/old.immamestre.com\/#\/schema\/person\/image\/","url":"https:\/\/secure.gravatar.com\/avatar\/fe9530742331fb8e4cb4de875d82303426947d472e41eb783b6dc62694aa6aff?s=96&d=mm&r=g","contentUrl":"https:\/\/secure.gravatar.com\/avatar\/fe9530742331fb8e4cb4de875d82303426947d472e41eb783b6dc62694aa6aff?s=96&d=mm&r=g","caption":"Imma Mestre"},"logo":{"@id":"https:\/\/old.immamestre.com\/#\/schema\/person\/image\/"},"description":"Hola soy Imma. Ilustradora. Hablo a trav\u00e9s de ilustraciones. Dame un l\u00e1piz y pinto tu mundo con historias ilustradas que te har\u00e1n despuntar.","sameAs":["https:\/\/www.immamestre.com"]}]}},"_links":{"self":[{"href":"https:\/\/old.immamestre.com\/es\/wp-json\/wp\/v2\/project\/8575","targetHints":{"allow":["GET"]}}],"collection":[{"href":"https:\/\/old.immamestre.com\/es\/wp-json\/wp\/v2\/project"}],"about":[{"href":"https:\/\/old.immamestre.com\/es\/wp-json\/wp\/v2\/types\/project"}],"author":[{"embeddable":true,"href":"https:\/\/old.immamestre.com\/es\/wp-json\/wp\/v2\/users\/1"}],"replies":[{"embeddable":true,"href":"https:\/\/old.immamestre.com\/es\/wp-json\/wp\/v2\/comments?post=8575"}],"version-history":[{"count":2,"href":"https:\/\/old.immamestre.com\/es\/wp-json\/wp\/v2\/project\/8575\/revisions"}],"predecessor-version":[{"id":8585,"href":"https:\/\/old.immamestre.com\/es\/wp-json\/wp\/v2\/project\/8575\/revisions\/8585"}],"wp:featuredmedia":[{"embeddable":true,"href":"https:\/\/old.immamestre.com\/es\/wp-json\/wp\/v2\/media\/8583"}],"wp:attachment":[{"href":"https:\/\/old.immamestre.com\/es\/wp-json\/wp\/v2\/media?parent=8575"}],"wp:term":[{"taxonomy":"project_category","embeddable":true,"href":"https:\/\/old.immamestre.com\/es\/wp-json\/wp\/v2\/project_category?post=8575"},{"taxonomy":"project_tag","embeddable":true,"href":"https:\/\/old.immamestre.com\/es\/wp-json\/wp\/v2\/project_tag?post=8575"}],"curies":[{"name":"wp","href":"https:\/\/api.w.org\/{rel}","templated":true}]}}

<p>[et_pb_section bb_built=»1&#8243;][et_pb_row][et_pb_column type=»4_4&#8243;][et_pb_text _builder_version=»3.0.106&#8243; background_layout=»light» header_font=»|700|||||||» header_text_color=»#000000&#8243;]</p>
<h1><span style="color: #000000;">Escuela Estel</span></h1>
<p>[/et_pb_text][et_pb_gallery _builder_version=»3.0.106&#8243; posts_number=»5&#8243; show_title_and_caption=»off» show_pagination=»on» gallery_ids=»8584,8579,8576,8577,8578&#8243; fullwidth=»on» orientation=»landscape» zoom_icon_color=»#ffa300&#8243; hover_overlay_color=»rgba(255,255,255,0.9)» background_layout=»light» pagination_font_size_tablet=»51&#8243; pagination_line_height_tablet=»2&#8243; /][/et_pb_column][/et_pb_row][et_pb_row][et_pb_column type=»2_3&#8243;][et_pb_text _builder_version=»3.0.106&#8243; background_layout=»light»]</p>
<p>Ilustraciones en vinilo para decorar la puerta principal del colegio Estel de Esparreguera.</p>
<p>(puedes ver las ilustraciones anteriores <a href="http://www.immamestre.com/project/escola-estel/" target="_blank" rel="noopener">aquí</a>)</p>
<p>[/et_pb_text][/et_pb_column][et_pb_column type=»1_3&#8243;][et_pb_text _builder_version=»3.0.106&#8243; background_layout=»light»]</p>
<p><strong>Cliente:</strong> Escola Estel d’Esparreguera.<strong><br />
</strong></p>
<p><strong>Material:</strong> Vinilo</p>
<p><strong>Año:</strong> 2018</p>
<p><strong>Técnica:</strong> Vectorial</p>
<p>[/et_pb_text][/et_pb_column][/et_pb_row][/et_pb_section]</p>

<p><div class="et_pb_row et_pb_row_0 et_pb_row_empty">
				
				
				
				
				
			</div> Escuela Estel <div class="et_pb_row et_pb_row_1 et_pb_row_empty">
				
				
				
				
				
			</div> Ilustraciones en vinilo para decorar la puerta principal del colegio Estel de Esparreguera. (puedes ver las ilustraciones anteriores aquí) Cliente: Escola Estel d’Esparreguera. Material: Vinilo Año: 2018 Técnica: Vectorial</p>

<!-- This site is optimized with the Yoast SEO plugin v26.1.1 - https://yoast.com/wordpress/plugins/seo/ -->
<title>Escuela Estel - Imma Mestre | Ilustración</title>
<meta name="robots" content="index, follow, max-snippet:-1, max-image-preview:large, max-video-preview:-1" />
<link rel="canonical" href="https://old.immamestre.com/project/escola-estel-2/" />
<meta property="og:locale" content="es_ES" />
<meta property="og:type" content="article" />
<meta property="og:title" content="Escuela Estel - Imma Mestre | Ilustración" />
<meta property="og:description" content="Escuela Estel Ilustraciones en vinilo para decorar la puerta principal del colegio Estel de Esparreguera. (puedes ver las ilustraciones anteriores aquí) Cliente: Escola Estel d’Esparreguera. Material: Vinilo Año: 2018 Técnica: Vectorial" />
<meta property="og:url" content="https://old.immamestre.com/project/escola-estel-2/" />
<meta property="og:site_name" content="Imma Mestre | Ilustración" />
<meta property="article:modified_time" content="2018-03-27T13:56:32+00:00" />
<meta property="og:image" content="https://old.immamestre.com/wp-content/uploads/2018/03/vinilsEstel2018-immamestre_Destacada.jpg" />
	<meta property="og:image:width" content="275" />
	<meta property="og:image:height" content="200" />
	<meta property="og:image:type" content="image/jpeg" />
<meta name="twitter:label1" content="Tiempo de lectura" />
	<meta name="twitter:data1" content="1 minuto" />
<script type="application/ld+json" class="yoast-schema-graph">{"@context":"https://schema.org","@graph":[{"@type":"WebPage","@id":"https://old.immamestre.com/project/escola-estel-2/","url":"https://old.immamestre.com/project/escola-estel-2/","name":"Escuela Estel - Imma Mestre | Ilustración","isPartOf":{"@id":"https://old.immamestre.com/#website"},"primaryImageOfPage":{"@id":"https://old.immamestre.com/project/escola-estel-2/#primaryimage"},"image":{"@id":"https://old.immamestre.com/project/escola-estel-2/#primaryimage"},"thumbnailUrl":"https://old.immamestre.com/wp-content/uploads/2018/03/vinilsEstel2018-immamestre_Destacada.jpg","datePublished":"2018-03-27T13:02:20+00:00","dateModified":"2018-03-27T13:56:32+00:00","breadcrumb":{"@id":"https://old.immamestre.com/project/escola-estel-2/#breadcrumb"},"inLanguage":"es","potentialAction":[{"@type":"ReadAction","target":["https://old.immamestre.com/project/escola-estel-2/"]}]},{"@type":"ImageObject","inLanguage":"es","@id":"https://old.immamestre.com/project/escola-estel-2/#primaryimage","url":"https://old.immamestre.com/wp-content/uploads/2018/03/vinilsEstel2018-immamestre_Destacada.jpg","contentUrl":"https://old.immamestre.com/wp-content/uploads/2018/03/vinilsEstel2018-immamestre_Destacada.jpg","width":275,"height":200},{"@type":"BreadcrumbList","@id":"https://old.immamestre.com/project/escola-estel-2/#breadcrumb","itemListElement":[{"@type":"ListItem","position":1,"name":"Home","item":"https://old.immamestre.com/"},{"@type":"ListItem","position":2,"name":"Projects","item":"https://old.immamestre.com/project/"},{"@type":"ListItem","position":3,"name":"Escuela Estel"}]},{"@type":"WebSite","@id":"https://old.immamestre.com/#website","url":"https://old.immamestre.com/","name":"Imma Mestre | Ilustración","description":"ilustración","publisher":{"@id":"https://old.immamestre.com/#/schema/person/f649c9039586af566b698906bc9da076"},"potentialAction":[{"@type":"SearchAction","target":{"@type":"EntryPoint","urlTemplate":"https://old.immamestre.com/?s={search_term_string}"},"query-input":{"@type":"PropertyValueSpecification","valueRequired":true,"valueName":"search_term_string"}}],"inLanguage":"es"},{"@type":["Person","Organization"],"@id":"https://old.immamestre.com/#/schema/person/f649c9039586af566b698906bc9da076","name":"Imma Mestre","image":{"@type":"ImageObject","inLanguage":"es","@id":"https://old.immamestre.com/#/schema/person/image/","url":"https://secure.gravatar.com/avatar/fe9530742331fb8e4cb4de875d82303426947d472e41eb783b6dc62694aa6aff?s=96&d=mm&r=g","contentUrl":"https://secure.gravatar.com/avatar/fe9530742331fb8e4cb4de875d82303426947d472e41eb783b6dc62694aa6aff?s=96&d=mm&r=g","caption":"Imma Mestre"},"logo":{"@id":"https://old.immamestre.com/#/schema/person/image/"},"description":"Hola soy Imma. Ilustradora. Hablo a través de ilustraciones. Dame un lápiz y pinto tu mundo con historias ilustradas que te harán despuntar.","sameAs":["https://www.immamestre.com"]}]}</script>
<!-- / Yoast SEO plugin. -->

Escuela Estel - Imma Mestre | Ilustración

Escuela Estel Ilustraciones en vinilo para decorar la puerta principal del colegio Estel de Esparreguera. (puedes ver las ilustraciones anteriores aquí) Cliente: Escola Estel d’Esparreguera. Material: Vinilo Año: 2018 Técnica: Vectorial

Imma Mestre | Ilustración

ilustración

Hola soy Imma. Ilustradora. Hablo a través de ilustraciones. Dame un lápiz y pinto tu mundo con historias ilustradas que te harán despuntar.
