{"id":14084,"date":"2022-12-03T23:45:30","date_gmt":"2022-12-03T22:45:30","guid":{"rendered":"https:\/\/www.immamestre.com\/?post_type=product&#038;p=14084"},"modified":"2023-02-13T21:37:18","modified_gmt":"2023-02-13T20:37:18","slug":"calcetines-pajaros","status":"publish","type":"product","link":"https:\/\/old.immamestre.com\/es\/producto\/calcetines-pajaros\/","title":{"rendered":"Calcetines \u201cP\u00e1jaros\u201d"},"content":{"rendered":"<p>Calcetines de punto, ilustrados con estampado de p\u00e1jaros en hilo blanco roto sobre fondo azul cyan, con punta y pu\u00f1o en naranja.<\/p>\n<p>Calcetines unisex<\/p>\n<p>Talla \u00fanica, sin talonera y tubulares.<\/p>\n<p>Se ajustan perfectamente al pie y no aprietan.<\/p>\n<p>Son calcetines largos, de ca\u00f1a alta.<\/p>\n<p>Composici\u00f3n: 80% algod\u00f3n, 20% poliamida.<\/p>\n<p>Hechos en Barcelona por <a href=\"https:\/\/www.cha-cha.es\" target=\"_blank\" rel=\"noopener\">Cha-cha original<\/a>.<\/p>\n","protected":false},"excerpt":{"rendered":"<p>Calcetines de punto de algod\u00f3n con estampado de p\u00e1jaros, unisex y talla \u00fanica.<\/p>\n","protected":false},"featured_media":14085,"comment_status":"open","ping_status":"closed","template":"","meta":{"_et_pb_use_builder":"","_et_pb_old_content":"","_et_gb_content_width":"","_monsterinsights_skip_tracking":false,"_monsterinsights_sitenote_active":false,"_monsterinsights_sitenote_note":"","_monsterinsights_sitenote_category":0},"product_brand":[],"product_cat":[637,199],"product_tag":[],"class_list":{"0":"post-14084","1":"product","2":"type-product","3":"status-publish","4":"has-post-thumbnail","6":"product_cat-calcetines","7":"product_cat-textil","9":"first","10":"instock","11":"taxable","12":"shipping-taxable","13":"purchasable","14":"product-type-simple"},"yoast_head":"<!-- This site is optimized with the Yoast SEO plugin v26.1.1 - https:\/\/yoast.com\/wordpress\/plugins\/seo\/ -->\n<title>Calcetines \u201cP\u00e1jaros\u201d - Imma Mestre | Ilustraci\u00f3n<\/title>\n<meta name=\"description\" content=\"Calcetines de punto, talla \u00fanica, ilustrados con estampado de p\u00e1jaros sobre fondo azul cyan y punta y pu\u00f1o en naranja. 80%algod\u00f3n. Hechos en Barcelona\" \/>\n<meta name=\"robots\" content=\"index, follow, max-snippet:-1, max-image-preview:large, max-video-preview:-1\" \/>\n<link rel=\"canonical\" href=\"https:\/\/old.immamestre.com\/producto\/mitjons-ocells\/\" \/>\n<meta property=\"og:locale\" content=\"es_ES\" \/>\n<meta property=\"og:type\" content=\"article\" \/>\n<meta property=\"og:title\" content=\"Calcetines \u201cP\u00e1jaros\u201d - Imma Mestre | Ilustraci\u00f3n\" \/>\n<meta property=\"og:description\" content=\"Calcetines de punto, talla \u00fanica, ilustrados con estampado de p\u00e1jaros sobre fondo azul cyan y punta y pu\u00f1o en naranja. 80%algod\u00f3n. Hechos en Barcelona\" \/>\n<meta property=\"og:url\" content=\"https:\/\/old.immamestre.com\/producto\/mitjons-ocells\/\" \/>\n<meta property=\"og:site_name\" content=\"Imma Mestre | Ilustraci\u00f3n\" \/>\n<meta property=\"article:modified_time\" content=\"2023-02-13T20:37:18+00:00\" \/>\n<meta property=\"og:image\" content=\"https:\/\/old.immamestre.com\/wp-content\/uploads\/2022\/12\/1DC8A4EF-E68D-44B9-895E-870F587A5E0F.jpeg\" \/>\n\t<meta property=\"og:image:width\" content=\"512\" \/>\n\t<meta property=\"og:image:height\" content=\"640\" \/>\n\t<meta property=\"og:image:type\" content=\"image\/jpeg\" \/>\n<meta name=\"twitter:label1\" content=\"Tiempo de lectura\" \/>\n\t<meta name=\"twitter:data1\" content=\"1 minuto\" \/>\n<script type=\"application\/ld+json\" class=\"yoast-schema-graph\">{\"@context\":\"https:\/\/schema.org\",\"@graph\":[{\"@type\":\"WebPage\",\"@id\":\"https:\/\/old.immamestre.com\/producto\/mitjons-ocells\/\",\"url\":\"https:\/\/old.immamestre.com\/producto\/mitjons-ocells\/\",\"name\":\"Calcetines \u201cP\u00e1jaros\u201d - Imma Mestre | Ilustraci\u00f3n\",\"isPartOf\":{\"@id\":\"https:\/\/old.immamestre.com\/#website\"},\"primaryImageOfPage\":{\"@id\":\"https:\/\/old.immamestre.com\/producto\/mitjons-ocells\/#primaryimage\"},\"image\":{\"@id\":\"https:\/\/old.immamestre.com\/producto\/mitjons-ocells\/#primaryimage\"},\"thumbnailUrl\":\"https:\/\/old.immamestre.com\/wp-content\/uploads\/2022\/12\/1DC8A4EF-E68D-44B9-895E-870F587A5E0F.jpeg\",\"datePublished\":\"2022-12-03T22:45:30+00:00\",\"dateModified\":\"2023-02-13T20:37:18+00:00\",\"description\":\"Calcetines de punto, talla \u00fanica, ilustrados con estampado de p\u00e1jaros sobre fondo azul cyan y punta y pu\u00f1o en naranja. 80%algod\u00f3n. Hechos en Barcelona\",\"breadcrumb\":{\"@id\":\"https:\/\/old.immamestre.com\/producto\/mitjons-ocells\/#breadcrumb\"},\"inLanguage\":\"es\",\"potentialAction\":[{\"@type\":\"ReadAction\",\"target\":[\"https:\/\/old.immamestre.com\/producto\/mitjons-ocells\/\"]}]},{\"@type\":\"ImageObject\",\"inLanguage\":\"es\",\"@id\":\"https:\/\/old.immamestre.com\/producto\/mitjons-ocells\/#primaryimage\",\"url\":\"https:\/\/old.immamestre.com\/wp-content\/uploads\/2022\/12\/1DC8A4EF-E68D-44B9-895E-870F587A5E0F.jpeg\",\"contentUrl\":\"https:\/\/old.immamestre.com\/wp-content\/uploads\/2022\/12\/1DC8A4EF-E68D-44B9-895E-870F587A5E0F.jpeg\",\"width\":512,\"height\":640,\"caption\":\"calcetines de punto de algod\u00f3n, con estampado de p\u00e1jaros sobre fondo azul y punta y pu\u00f1o naranja.\"},{\"@type\":\"BreadcrumbList\",\"@id\":\"https:\/\/old.immamestre.com\/producto\/mitjons-ocells\/#breadcrumb\",\"itemListElement\":[{\"@type\":\"ListItem\",\"position\":1,\"name\":\"Home\",\"item\":\"https:\/\/old.immamestre.com\/\"},{\"@type\":\"ListItem\",\"position\":2,\"name\":\"Tienda\",\"item\":\"https:\/\/old.immamestre.com\/botiga\/\"},{\"@type\":\"ListItem\",\"position\":3,\"name\":\"Calcetines \u201cP\u00e1jaros\u201d\"}]},{\"@type\":\"WebSite\",\"@id\":\"https:\/\/old.immamestre.com\/#website\",\"url\":\"https:\/\/old.immamestre.com\/\",\"name\":\"Imma Mestre | Ilustraci\u00f3n\",\"description\":\"ilustraci\u00f3n\",\"publisher\":{\"@id\":\"https:\/\/old.immamestre.com\/#\/schema\/person\/f649c9039586af566b698906bc9da076\"},\"potentialAction\":[{\"@type\":\"SearchAction\",\"target\":{\"@type\":\"EntryPoint\",\"urlTemplate\":\"https:\/\/old.immamestre.com\/?s={search_term_string}\"},\"query-input\":{\"@type\":\"PropertyValueSpecification\",\"valueRequired\":true,\"valueName\":\"search_term_string\"}}],\"inLanguage\":\"es\"},{\"@type\":[\"Person\",\"Organization\"],\"@id\":\"https:\/\/old.immamestre.com\/#\/schema\/person\/f649c9039586af566b698906bc9da076\",\"name\":\"Imma Mestre\",\"image\":{\"@type\":\"ImageObject\",\"inLanguage\":\"es\",\"@id\":\"https:\/\/old.immamestre.com\/#\/schema\/person\/image\/\",\"url\":\"https:\/\/secure.gravatar.com\/avatar\/fe9530742331fb8e4cb4de875d82303426947d472e41eb783b6dc62694aa6aff?s=96&d=mm&r=g\",\"contentUrl\":\"https:\/\/secure.gravatar.com\/avatar\/fe9530742331fb8e4cb4de875d82303426947d472e41eb783b6dc62694aa6aff?s=96&d=mm&r=g\",\"caption\":\"Imma Mestre\"},\"logo\":{\"@id\":\"https:\/\/old.immamestre.com\/#\/schema\/person\/image\/\"},\"description\":\"Hola soy Imma. Ilustradora. Hablo a trav\u00e9s de ilustraciones. Dame un l\u00e1piz y pinto tu mundo con historias ilustradas que te har\u00e1n despuntar.\",\"sameAs\":[\"https:\/\/www.immamestre.com\"]}]}<\/script>\n<!-- \/ Yoast SEO plugin. -->","yoast_head_json":{"title":"Calcetines \u201cP\u00e1jaros\u201d - Imma Mestre | Ilustraci\u00f3n","description":"Calcetines de punto, talla \u00fanica, ilustrados con estampado de p\u00e1jaros sobre fondo azul cyan y punta y pu\u00f1o en naranja. 80%algod\u00f3n. Hechos en Barcelona","robots":{"index":"index","follow":"follow","max-snippet":"max-snippet:-1","max-image-preview":"max-image-preview:large","max-video-preview":"max-video-preview:-1"},"canonical":"https:\/\/old.immamestre.com\/producto\/mitjons-ocells\/","og_locale":"es_ES","og_type":"article","og_title":"Calcetines \u201cP\u00e1jaros\u201d - Imma Mestre | Ilustraci\u00f3n","og_description":"Calcetines de punto, talla \u00fanica, ilustrados con estampado de p\u00e1jaros sobre fondo azul cyan y punta y pu\u00f1o en naranja. 80%algod\u00f3n. Hechos en Barcelona","og_url":"https:\/\/old.immamestre.com\/producto\/mitjons-ocells\/","og_site_name":"Imma Mestre | Ilustraci\u00f3n","article_modified_time":"2023-02-13T20:37:18+00:00","og_image":[{"width":512,"height":640,"url":"https:\/\/old.immamestre.com\/wp-content\/uploads\/2022\/12\/1DC8A4EF-E68D-44B9-895E-870F587A5E0F.jpeg","type":"image\/jpeg"}],"twitter_misc":{"Tiempo de lectura":"1 minuto"},"schema":{"@context":"https:\/\/schema.org","@graph":[{"@type":"WebPage","@id":"https:\/\/old.immamestre.com\/producto\/mitjons-ocells\/","url":"https:\/\/old.immamestre.com\/producto\/mitjons-ocells\/","name":"Calcetines \u201cP\u00e1jaros\u201d - Imma Mestre | Ilustraci\u00f3n","isPartOf":{"@id":"https:\/\/old.immamestre.com\/#website"},"primaryImageOfPage":{"@id":"https:\/\/old.immamestre.com\/producto\/mitjons-ocells\/#primaryimage"},"image":{"@id":"https:\/\/old.immamestre.com\/producto\/mitjons-ocells\/#primaryimage"},"thumbnailUrl":"https:\/\/old.immamestre.com\/wp-content\/uploads\/2022\/12\/1DC8A4EF-E68D-44B9-895E-870F587A5E0F.jpeg","datePublished":"2022-12-03T22:45:30+00:00","dateModified":"2023-02-13T20:37:18+00:00","description":"Calcetines de punto, talla \u00fanica, ilustrados con estampado de p\u00e1jaros sobre fondo azul cyan y punta y pu\u00f1o en naranja. 80%algod\u00f3n. Hechos en Barcelona","breadcrumb":{"@id":"https:\/\/old.immamestre.com\/producto\/mitjons-ocells\/#breadcrumb"},"inLanguage":"es","potentialAction":[{"@type":"ReadAction","target":["https:\/\/old.immamestre.com\/producto\/mitjons-ocells\/"]}]},{"@type":"ImageObject","inLanguage":"es","@id":"https:\/\/old.immamestre.com\/producto\/mitjons-ocells\/#primaryimage","url":"https:\/\/old.immamestre.com\/wp-content\/uploads\/2022\/12\/1DC8A4EF-E68D-44B9-895E-870F587A5E0F.jpeg","contentUrl":"https:\/\/old.immamestre.com\/wp-content\/uploads\/2022\/12\/1DC8A4EF-E68D-44B9-895E-870F587A5E0F.jpeg","width":512,"height":640,"caption":"calcetines de punto de algod\u00f3n, con estampado de p\u00e1jaros sobre fondo azul y punta y pu\u00f1o naranja."},{"@type":"BreadcrumbList","@id":"https:\/\/old.immamestre.com\/producto\/mitjons-ocells\/#breadcrumb","itemListElement":[{"@type":"ListItem","position":1,"name":"Home","item":"https:\/\/old.immamestre.com\/"},{"@type":"ListItem","position":2,"name":"Tienda","item":"https:\/\/old.immamestre.com\/botiga\/"},{"@type":"ListItem","position":3,"name":"Calcetines \u201cP\u00e1jaros\u201d"}]},{"@type":"WebSite","@id":"https:\/\/old.immamestre.com\/#website","url":"https:\/\/old.immamestre.com\/","name":"Imma Mestre | Ilustraci\u00f3n","description":"ilustraci\u00f3n","publisher":{"@id":"https:\/\/old.immamestre.com\/#\/schema\/person\/f649c9039586af566b698906bc9da076"},"potentialAction":[{"@type":"SearchAction","target":{"@type":"EntryPoint","urlTemplate":"https:\/\/old.immamestre.com\/?s={search_term_string}"},"query-input":{"@type":"PropertyValueSpecification","valueRequired":true,"valueName":"search_term_string"}}],"inLanguage":"es"},{"@type":["Person","Organization"],"@id":"https:\/\/old.immamestre.com\/#\/schema\/person\/f649c9039586af566b698906bc9da076","name":"Imma Mestre","image":{"@type":"ImageObject","inLanguage":"es","@id":"https:\/\/old.immamestre.com\/#\/schema\/person\/image\/","url":"https:\/\/secure.gravatar.com\/avatar\/fe9530742331fb8e4cb4de875d82303426947d472e41eb783b6dc62694aa6aff?s=96&d=mm&r=g","contentUrl":"https:\/\/secure.gravatar.com\/avatar\/fe9530742331fb8e4cb4de875d82303426947d472e41eb783b6dc62694aa6aff?s=96&d=mm&r=g","caption":"Imma Mestre"},"logo":{"@id":"https:\/\/old.immamestre.com\/#\/schema\/person\/image\/"},"description":"Hola soy Imma. Ilustradora. Hablo a trav\u00e9s de ilustraciones. Dame un l\u00e1piz y pinto tu mundo con historias ilustradas que te har\u00e1n despuntar.","sameAs":["https:\/\/www.immamestre.com"]}]}},"_links":{"self":[{"href":"https:\/\/old.immamestre.com\/es\/wp-json\/wp\/v2\/product\/14084","targetHints":{"allow":["GET"]}}],"collection":[{"href":"https:\/\/old.immamestre.com\/es\/wp-json\/wp\/v2\/product"}],"about":[{"href":"https:\/\/old.immamestre.com\/es\/wp-json\/wp\/v2\/types\/product"}],"replies":[{"embeddable":true,"href":"https:\/\/old.immamestre.com\/es\/wp-json\/wp\/v2\/comments?post=14084"}],"wp:featuredmedia":[{"embeddable":true,"href":"https:\/\/old.immamestre.com\/es\/wp-json\/wp\/v2\/media\/14085"}],"wp:attachment":[{"href":"https:\/\/old.immamestre.com\/es\/wp-json\/wp\/v2\/media?parent=14084"}],"wp:term":[{"taxonomy":"product_brand","embeddable":true,"href":"https:\/\/old.immamestre.com\/es\/wp-json\/wp\/v2\/product_brand?post=14084"},{"taxonomy":"product_cat","embeddable":true,"href":"https:\/\/old.immamestre.com\/es\/wp-json\/wp\/v2\/product_cat?post=14084"},{"taxonomy":"product_tag","embeddable":true,"href":"https:\/\/old.immamestre.com\/es\/wp-json\/wp\/v2\/product_tag?post=14084"}],"curies":[{"name":"wp","href":"https:\/\/api.w.org\/{rel}","templated":true}]}}

Calcetines “Pájaros”

<p>Calcetines de punto, ilustrados con estampado de pájaros en hilo blanco roto sobre fondo azul cyan, con punta y puño en naranja.</p>
<p>Calcetines unisex</p>
<p>Talla única, sin talonera y tubulares.</p>
<p>Se ajustan perfectamente al pie y no aprietan.</p>
<p>Son calcetines largos, de caña alta.</p>
<p>Composición: 80% algodón, 20% poliamida.</p>
<p>Hechos en Barcelona por <a href="https://www.cha-cha.es" target="_blank" rel="noopener">Cha-cha original</a>.</p>

<p>Calcetines de punto de algodón con estampado de pájaros, unisex y talla única.</p>

<!-- This site is optimized with the Yoast SEO plugin v26.1.1 - https://yoast.com/wordpress/plugins/seo/ -->
<title>Calcetines “Pájaros” - Imma Mestre | Ilustración</title>
<meta name="description" content="Calcetines de punto, talla única, ilustrados con estampado de pájaros sobre fondo azul cyan y punta y puño en naranja. 80%algodón. Hechos en Barcelona" />
<meta name="robots" content="index, follow, max-snippet:-1, max-image-preview:large, max-video-preview:-1" />
<link rel="canonical" href="https://old.immamestre.com/producto/mitjons-ocells/" />
<meta property="og:locale" content="es_ES" />
<meta property="og:type" content="article" />
<meta property="og:title" content="Calcetines “Pájaros” - Imma Mestre | Ilustración" />
<meta property="og:description" content="Calcetines de punto, talla única, ilustrados con estampado de pájaros sobre fondo azul cyan y punta y puño en naranja. 80%algodón. Hechos en Barcelona" />
<meta property="og:url" content="https://old.immamestre.com/producto/mitjons-ocells/" />
<meta property="og:site_name" content="Imma Mestre | Ilustración" />
<meta property="article:modified_time" content="2023-02-13T20:37:18+00:00" />
<meta property="og:image" content="https://old.immamestre.com/wp-content/uploads/2022/12/1DC8A4EF-E68D-44B9-895E-870F587A5E0F.jpeg" />
	<meta property="og:image:width" content="512" />
	<meta property="og:image:height" content="640" />
	<meta property="og:image:type" content="image/jpeg" />
<meta name="twitter:label1" content="Tiempo de lectura" />
	<meta name="twitter:data1" content="1 minuto" />
<script type="application/ld+json" class="yoast-schema-graph">{"@context":"https://schema.org","@graph":[{"@type":"WebPage","@id":"https://old.immamestre.com/producto/mitjons-ocells/","url":"https://old.immamestre.com/producto/mitjons-ocells/","name":"Calcetines “Pájaros” - Imma Mestre | Ilustración","isPartOf":{"@id":"https://old.immamestre.com/#website"},"primaryImageOfPage":{"@id":"https://old.immamestre.com/producto/mitjons-ocells/#primaryimage"},"image":{"@id":"https://old.immamestre.com/producto/mitjons-ocells/#primaryimage"},"thumbnailUrl":"https://old.immamestre.com/wp-content/uploads/2022/12/1DC8A4EF-E68D-44B9-895E-870F587A5E0F.jpeg","datePublished":"2022-12-03T22:45:30+00:00","dateModified":"2023-02-13T20:37:18+00:00","description":"Calcetines de punto, talla única, ilustrados con estampado de pájaros sobre fondo azul cyan y punta y puño en naranja. 80%algodón. Hechos en Barcelona","breadcrumb":{"@id":"https://old.immamestre.com/producto/mitjons-ocells/#breadcrumb"},"inLanguage":"es","potentialAction":[{"@type":"ReadAction","target":["https://old.immamestre.com/producto/mitjons-ocells/"]}]},{"@type":"ImageObject","inLanguage":"es","@id":"https://old.immamestre.com/producto/mitjons-ocells/#primaryimage","url":"https://old.immamestre.com/wp-content/uploads/2022/12/1DC8A4EF-E68D-44B9-895E-870F587A5E0F.jpeg","contentUrl":"https://old.immamestre.com/wp-content/uploads/2022/12/1DC8A4EF-E68D-44B9-895E-870F587A5E0F.jpeg","width":512,"height":640,"caption":"calcetines de punto de algodón, con estampado de pájaros sobre fondo azul y punta y puño naranja."},{"@type":"BreadcrumbList","@id":"https://old.immamestre.com/producto/mitjons-ocells/#breadcrumb","itemListElement":[{"@type":"ListItem","position":1,"name":"Home","item":"https://old.immamestre.com/"},{"@type":"ListItem","position":2,"name":"Tienda","item":"https://old.immamestre.com/botiga/"},{"@type":"ListItem","position":3,"name":"Calcetines “Pájaros”"}]},{"@type":"WebSite","@id":"https://old.immamestre.com/#website","url":"https://old.immamestre.com/","name":"Imma Mestre | Ilustración","description":"ilustración","publisher":{"@id":"https://old.immamestre.com/#/schema/person/f649c9039586af566b698906bc9da076"},"potentialAction":[{"@type":"SearchAction","target":{"@type":"EntryPoint","urlTemplate":"https://old.immamestre.com/?s={search_term_string}"},"query-input":{"@type":"PropertyValueSpecification","valueRequired":true,"valueName":"search_term_string"}}],"inLanguage":"es"},{"@type":["Person","Organization"],"@id":"https://old.immamestre.com/#/schema/person/f649c9039586af566b698906bc9da076","name":"Imma Mestre","image":{"@type":"ImageObject","inLanguage":"es","@id":"https://old.immamestre.com/#/schema/person/image/","url":"https://secure.gravatar.com/avatar/fe9530742331fb8e4cb4de875d82303426947d472e41eb783b6dc62694aa6aff?s=96&d=mm&r=g","contentUrl":"https://secure.gravatar.com/avatar/fe9530742331fb8e4cb4de875d82303426947d472e41eb783b6dc62694aa6aff?s=96&d=mm&r=g","caption":"Imma Mestre"},"logo":{"@id":"https://old.immamestre.com/#/schema/person/image/"},"description":"Hola soy Imma. Ilustradora. Hablo a través de ilustraciones. Dame un lápiz y pinto tu mundo con historias ilustradas que te harán despuntar.","sameAs":["https://www.immamestre.com"]}]}</script>
<!-- / Yoast SEO plugin. -->

Calcetines “Pájaros” - Imma Mestre | Ilustración

Calcetines de punto, talla única, ilustrados con estampado de pájaros sobre fondo azul cyan y punta y puño en naranja. 80%algodón. Hechos en Barcelona

Imma Mestre | Ilustración

calcetines de punto de algodón, con estampado de pájaros sobre fondo azul y punta y puño naranja.

ilustración

Hola soy Imma. Ilustradora. Hablo a través de ilustraciones. Dame un lápiz y pinto tu mundo con historias ilustradas que te harán despuntar.
