{"id":12835,"date":"2021-01-26T20:23:22","date_gmt":"2021-01-26T19:23:22","guid":{"rendered":"https:\/\/www.immamestre.com\/?post_type=product&#038;p=12835"},"modified":"2021-08-15T13:28:54","modified_gmt":"2021-08-15T11:28:54","slug":"lasplantasdemiabuelo","status":"publish","type":"product","link":"https:\/\/old.immamestre.com\/es\/producto\/lasplantasdemiabuelo\/","title":{"rendered":"Las plantas de mi abuelo (castellano)"},"content":{"rendered":"<p><em>El abuelo ten\u00eda muchas plantas, cuidaba de ellas a diario, las mimaba de forma distinta, seg\u00fan el mes del calendario.<\/em><\/p>\n<p>SINOPSIS: Una\u00a0ni\u00f1a recuerda a su abuelo a trav\u00e9s del amor de ambos por las plantas.<\/p>\n<p>CARACTER\u00cdSTICAS:<\/p>\n<p>Texto: Eva Ferrer Paniagua<\/p>\n<p>Ilustraciones: Imma Mestre Cunillera<\/p>\n<p>Editorial: Edicions 96<\/p>\n<p>Colecci\u00f3n: Patracol Il.lustrat<\/p>\n<p>Idioma:\u00a0Castellano<\/p>\n<p>ISBN: 978-84-17213-70-1<\/p>\n<p>Dep\u00f3sito legal: V-2895-2020<\/p>\n<p>P\u00e1ginas: 32<\/p>\n<p>Tama\u00f1o: 20,5 x 21,5 cm<\/p>\n<p>Encuadernaci\u00f3n: Tapa dura<\/p>\n<p>N\u00famero de edici\u00f3n: 1a<\/p>\n<p>Fecha de publicaci\u00f3n: 23\/12\/2020<\/p>\n","protected":false},"excerpt":{"rendered":"<p><em>El abuelo ten\u00eda muchas plantas, cuidaba de ellas a diario, las mimaba de forma distinta, seg\u00fan el mes del calendario.<\/em><\/p>\n<p>\u00c1lbum ilustrado que narra el recuerdo que tiene una ni\u00f1a de su abuelo, a trav\u00e9s del amor de ambos por las plantas.<\/p>\n","protected":false},"featured_media":12826,"comment_status":"open","ping_status":"closed","template":"","meta":{"_et_pb_use_builder":"","_et_pb_old_content":"","_et_gb_content_width":"","_monsterinsights_skip_tracking":false,"_monsterinsights_sitenote_active":false,"_monsterinsights_sitenote_note":"","_monsterinsights_sitenote_category":0},"product_brand":[],"product_cat":[598],"product_tag":[],"class_list":{"0":"post-12835","1":"product","2":"type-product","3":"status-publish","4":"has-post-thumbnail","6":"product_cat-libros","8":"first","9":"instock","10":"taxable","11":"shipping-taxable","12":"purchasable","13":"product-type-simple"},"yoast_head":"<!-- This site is optimized with the Yoast SEO plugin v26.1.1 - https:\/\/yoast.com\/wordpress\/plugins\/seo\/ -->\n<title>Las plantas de mi abuelo (castellano) - Imma Mestre | Ilustraci\u00f3n<\/title>\n<meta name=\"robots\" content=\"index, follow, max-snippet:-1, max-image-preview:large, max-video-preview:-1\" \/>\n<link rel=\"canonical\" href=\"https:\/\/old.immamestre.com\/producto\/las-plantas-de-mi-abuelo-castellano\/\" \/>\n<meta property=\"og:locale\" content=\"es_ES\" \/>\n<meta property=\"og:type\" content=\"article\" \/>\n<meta property=\"og:title\" content=\"Las plantas de mi abuelo (castellano) - Imma Mestre | Ilustraci\u00f3n\" \/>\n<meta property=\"og:description\" content=\"El abuelo ten\u00eda muchas plantas, cuidaba de ellas a diario, las mimaba de forma distinta, seg\u00fan el mes del calendario.  \u00c1lbum ilustrado que narra el recuerdo que tiene una ni\u00f1a de su abuelo, a trav\u00e9s del amor de ambos por las plantas.\" \/>\n<meta property=\"og:url\" content=\"https:\/\/old.immamestre.com\/producto\/las-plantas-de-mi-abuelo-castellano\/\" \/>\n<meta property=\"og:site_name\" content=\"Imma Mestre | Ilustraci\u00f3n\" \/>\n<meta property=\"article:modified_time\" content=\"2021-08-15T11:28:54+00:00\" \/>\n<meta property=\"og:image\" content=\"https:\/\/old.immamestre.com\/wp-content\/uploads\/2021\/01\/IL_LPDLA_PortadaCAST.jpg\" \/>\n\t<meta property=\"og:image:width\" content=\"1080\" \/>\n\t<meta property=\"og:image:height\" content=\"1080\" \/>\n\t<meta property=\"og:image:type\" content=\"image\/jpeg\" \/>\n<meta name=\"twitter:label1\" content=\"Tiempo de lectura\" \/>\n\t<meta name=\"twitter:data1\" content=\"1 minuto\" \/>\n<script type=\"application\/ld+json\" class=\"yoast-schema-graph\">{\"@context\":\"https:\/\/schema.org\",\"@graph\":[{\"@type\":\"WebPage\",\"@id\":\"https:\/\/old.immamestre.com\/producto\/las-plantas-de-mi-abuelo-castellano\/\",\"url\":\"https:\/\/old.immamestre.com\/producto\/las-plantas-de-mi-abuelo-castellano\/\",\"name\":\"Las plantas de mi abuelo (castellano) - Imma Mestre | Ilustraci\u00f3n\",\"isPartOf\":{\"@id\":\"https:\/\/old.immamestre.com\/#website\"},\"primaryImageOfPage\":{\"@id\":\"https:\/\/old.immamestre.com\/producto\/las-plantas-de-mi-abuelo-castellano\/#primaryimage\"},\"image\":{\"@id\":\"https:\/\/old.immamestre.com\/producto\/las-plantas-de-mi-abuelo-castellano\/#primaryimage\"},\"thumbnailUrl\":\"https:\/\/old.immamestre.com\/wp-content\/uploads\/2021\/01\/IL_LPDLA_PortadaCAST.jpg\",\"datePublished\":\"2021-01-26T19:23:22+00:00\",\"dateModified\":\"2021-08-15T11:28:54+00:00\",\"breadcrumb\":{\"@id\":\"https:\/\/old.immamestre.com\/producto\/las-plantas-de-mi-abuelo-castellano\/#breadcrumb\"},\"inLanguage\":\"es\",\"potentialAction\":[{\"@type\":\"ReadAction\",\"target\":[\"https:\/\/old.immamestre.com\/producto\/las-plantas-de-mi-abuelo-castellano\/\"]}]},{\"@type\":\"ImageObject\",\"inLanguage\":\"es\",\"@id\":\"https:\/\/old.immamestre.com\/producto\/las-plantas-de-mi-abuelo-castellano\/#primaryimage\",\"url\":\"https:\/\/old.immamestre.com\/wp-content\/uploads\/2021\/01\/IL_LPDLA_PortadaCAST.jpg\",\"contentUrl\":\"https:\/\/old.immamestre.com\/wp-content\/uploads\/2021\/01\/IL_LPDLA_PortadaCAST.jpg\",\"width\":1080,\"height\":1080},{\"@type\":\"BreadcrumbList\",\"@id\":\"https:\/\/old.immamestre.com\/producto\/las-plantas-de-mi-abuelo-castellano\/#breadcrumb\",\"itemListElement\":[{\"@type\":\"ListItem\",\"position\":1,\"name\":\"Home\",\"item\":\"https:\/\/old.immamestre.com\/\"},{\"@type\":\"ListItem\",\"position\":2,\"name\":\"Tienda\",\"item\":\"https:\/\/old.immamestre.com\/botiga\/\"},{\"@type\":\"ListItem\",\"position\":3,\"name\":\"Las plantas de mi abuelo (castellano)\"}]},{\"@type\":\"WebSite\",\"@id\":\"https:\/\/old.immamestre.com\/#website\",\"url\":\"https:\/\/old.immamestre.com\/\",\"name\":\"Imma Mestre | Ilustraci\u00f3n\",\"description\":\"ilustraci\u00f3n\",\"publisher\":{\"@id\":\"https:\/\/old.immamestre.com\/#\/schema\/person\/f649c9039586af566b698906bc9da076\"},\"potentialAction\":[{\"@type\":\"SearchAction\",\"target\":{\"@type\":\"EntryPoint\",\"urlTemplate\":\"https:\/\/old.immamestre.com\/?s={search_term_string}\"},\"query-input\":{\"@type\":\"PropertyValueSpecification\",\"valueRequired\":true,\"valueName\":\"search_term_string\"}}],\"inLanguage\":\"es\"},{\"@type\":[\"Person\",\"Organization\"],\"@id\":\"https:\/\/old.immamestre.com\/#\/schema\/person\/f649c9039586af566b698906bc9da076\",\"name\":\"Imma Mestre\",\"image\":{\"@type\":\"ImageObject\",\"inLanguage\":\"es\",\"@id\":\"https:\/\/old.immamestre.com\/#\/schema\/person\/image\/\",\"url\":\"https:\/\/secure.gravatar.com\/avatar\/fe9530742331fb8e4cb4de875d82303426947d472e41eb783b6dc62694aa6aff?s=96&d=mm&r=g\",\"contentUrl\":\"https:\/\/secure.gravatar.com\/avatar\/fe9530742331fb8e4cb4de875d82303426947d472e41eb783b6dc62694aa6aff?s=96&d=mm&r=g\",\"caption\":\"Imma Mestre\"},\"logo\":{\"@id\":\"https:\/\/old.immamestre.com\/#\/schema\/person\/image\/\"},\"description\":\"Hola soy Imma. Ilustradora. Hablo a trav\u00e9s de ilustraciones. Dame un l\u00e1piz y pinto tu mundo con historias ilustradas que te har\u00e1n despuntar.\",\"sameAs\":[\"https:\/\/www.immamestre.com\"]}]}<\/script>\n<!-- \/ Yoast SEO plugin. -->","yoast_head_json":{"title":"Las plantas de mi abuelo (castellano) - Imma Mestre | Ilustraci\u00f3n","robots":{"index":"index","follow":"follow","max-snippet":"max-snippet:-1","max-image-preview":"max-image-preview:large","max-video-preview":"max-video-preview:-1"},"canonical":"https:\/\/old.immamestre.com\/producto\/las-plantas-de-mi-abuelo-castellano\/","og_locale":"es_ES","og_type":"article","og_title":"Las plantas de mi abuelo (castellano) - Imma Mestre | Ilustraci\u00f3n","og_description":"El abuelo ten\u00eda muchas plantas, cuidaba de ellas a diario, las mimaba de forma distinta, seg\u00fan el mes del calendario.  \u00c1lbum ilustrado que narra el recuerdo que tiene una ni\u00f1a de su abuelo, a trav\u00e9s del amor de ambos por las plantas.","og_url":"https:\/\/old.immamestre.com\/producto\/las-plantas-de-mi-abuelo-castellano\/","og_site_name":"Imma Mestre | Ilustraci\u00f3n","article_modified_time":"2021-08-15T11:28:54+00:00","og_image":[{"width":1080,"height":1080,"url":"https:\/\/old.immamestre.com\/wp-content\/uploads\/2021\/01\/IL_LPDLA_PortadaCAST.jpg","type":"image\/jpeg"}],"twitter_misc":{"Tiempo de lectura":"1 minuto"},"schema":{"@context":"https:\/\/schema.org","@graph":[{"@type":"WebPage","@id":"https:\/\/old.immamestre.com\/producto\/las-plantas-de-mi-abuelo-castellano\/","url":"https:\/\/old.immamestre.com\/producto\/las-plantas-de-mi-abuelo-castellano\/","name":"Las plantas de mi abuelo (castellano) - Imma Mestre | Ilustraci\u00f3n","isPartOf":{"@id":"https:\/\/old.immamestre.com\/#website"},"primaryImageOfPage":{"@id":"https:\/\/old.immamestre.com\/producto\/las-plantas-de-mi-abuelo-castellano\/#primaryimage"},"image":{"@id":"https:\/\/old.immamestre.com\/producto\/las-plantas-de-mi-abuelo-castellano\/#primaryimage"},"thumbnailUrl":"https:\/\/old.immamestre.com\/wp-content\/uploads\/2021\/01\/IL_LPDLA_PortadaCAST.jpg","datePublished":"2021-01-26T19:23:22+00:00","dateModified":"2021-08-15T11:28:54+00:00","breadcrumb":{"@id":"https:\/\/old.immamestre.com\/producto\/las-plantas-de-mi-abuelo-castellano\/#breadcrumb"},"inLanguage":"es","potentialAction":[{"@type":"ReadAction","target":["https:\/\/old.immamestre.com\/producto\/las-plantas-de-mi-abuelo-castellano\/"]}]},{"@type":"ImageObject","inLanguage":"es","@id":"https:\/\/old.immamestre.com\/producto\/las-plantas-de-mi-abuelo-castellano\/#primaryimage","url":"https:\/\/old.immamestre.com\/wp-content\/uploads\/2021\/01\/IL_LPDLA_PortadaCAST.jpg","contentUrl":"https:\/\/old.immamestre.com\/wp-content\/uploads\/2021\/01\/IL_LPDLA_PortadaCAST.jpg","width":1080,"height":1080},{"@type":"BreadcrumbList","@id":"https:\/\/old.immamestre.com\/producto\/las-plantas-de-mi-abuelo-castellano\/#breadcrumb","itemListElement":[{"@type":"ListItem","position":1,"name":"Home","item":"https:\/\/old.immamestre.com\/"},{"@type":"ListItem","position":2,"name":"Tienda","item":"https:\/\/old.immamestre.com\/botiga\/"},{"@type":"ListItem","position":3,"name":"Las plantas de mi abuelo (castellano)"}]},{"@type":"WebSite","@id":"https:\/\/old.immamestre.com\/#website","url":"https:\/\/old.immamestre.com\/","name":"Imma Mestre | Ilustraci\u00f3n","description":"ilustraci\u00f3n","publisher":{"@id":"https:\/\/old.immamestre.com\/#\/schema\/person\/f649c9039586af566b698906bc9da076"},"potentialAction":[{"@type":"SearchAction","target":{"@type":"EntryPoint","urlTemplate":"https:\/\/old.immamestre.com\/?s={search_term_string}"},"query-input":{"@type":"PropertyValueSpecification","valueRequired":true,"valueName":"search_term_string"}}],"inLanguage":"es"},{"@type":["Person","Organization"],"@id":"https:\/\/old.immamestre.com\/#\/schema\/person\/f649c9039586af566b698906bc9da076","name":"Imma Mestre","image":{"@type":"ImageObject","inLanguage":"es","@id":"https:\/\/old.immamestre.com\/#\/schema\/person\/image\/","url":"https:\/\/secure.gravatar.com\/avatar\/fe9530742331fb8e4cb4de875d82303426947d472e41eb783b6dc62694aa6aff?s=96&d=mm&r=g","contentUrl":"https:\/\/secure.gravatar.com\/avatar\/fe9530742331fb8e4cb4de875d82303426947d472e41eb783b6dc62694aa6aff?s=96&d=mm&r=g","caption":"Imma Mestre"},"logo":{"@id":"https:\/\/old.immamestre.com\/#\/schema\/person\/image\/"},"description":"Hola soy Imma. Ilustradora. Hablo a trav\u00e9s de ilustraciones. Dame un l\u00e1piz y pinto tu mundo con historias ilustradas que te har\u00e1n despuntar.","sameAs":["https:\/\/www.immamestre.com"]}]}},"_links":{"self":[{"href":"https:\/\/old.immamestre.com\/es\/wp-json\/wp\/v2\/product\/12835","targetHints":{"allow":["GET"]}}],"collection":[{"href":"https:\/\/old.immamestre.com\/es\/wp-json\/wp\/v2\/product"}],"about":[{"href":"https:\/\/old.immamestre.com\/es\/wp-json\/wp\/v2\/types\/product"}],"replies":[{"embeddable":true,"href":"https:\/\/old.immamestre.com\/es\/wp-json\/wp\/v2\/comments?post=12835"}],"wp:featuredmedia":[{"embeddable":true,"href":"https:\/\/old.immamestre.com\/es\/wp-json\/wp\/v2\/media\/12826"}],"wp:attachment":[{"href":"https:\/\/old.immamestre.com\/es\/wp-json\/wp\/v2\/media?parent=12835"}],"wp:term":[{"taxonomy":"product_brand","embeddable":true,"href":"https:\/\/old.immamestre.com\/es\/wp-json\/wp\/v2\/product_brand?post=12835"},{"taxonomy":"product_cat","embeddable":true,"href":"https:\/\/old.immamestre.com\/es\/wp-json\/wp\/v2\/product_cat?post=12835"},{"taxonomy":"product_tag","embeddable":true,"href":"https:\/\/old.immamestre.com\/es\/wp-json\/wp\/v2\/product_tag?post=12835"}],"curies":[{"name":"wp","href":"https:\/\/api.w.org\/{rel}","templated":true}]}}

<p><em>El abuelo tenía muchas plantas, cuidaba de ellas a diario, las mimaba de forma distinta, según el mes del calendario.</em></p>
<p>SINOPSIS: Una niña recuerda a su abuelo a través del amor de ambos por las plantas.</p>
<p>CARACTERÍSTICAS:</p>
<p>Texto: Eva Ferrer Paniagua</p>
<p>Ilustraciones: Imma Mestre Cunillera</p>
<p>Editorial: Edicions 96</p>
<p>Colección: Patracol Il.lustrat</p>
<p>Idioma: Castellano</p>
<p>ISBN: 978-84-17213-70-1</p>
<p>Depósito legal: V-2895-2020</p>
<p>Páginas: 32</p>
<p>Tamaño: 20,5 x 21,5 cm</p>
<p>Encuadernación: Tapa dura</p>
<p>Número de edición: 1a</p>
<p>Fecha de publicación: 23/12/2020</p>

<p><em>El abuelo tenía muchas plantas, cuidaba de ellas a diario, las mimaba de forma distinta, según el mes del calendario.</em></p>
<p>Álbum ilustrado que narra el recuerdo que tiene una niña de su abuelo, a través del amor de ambos por las plantas.</p>

<!-- This site is optimized with the Yoast SEO plugin v26.1.1 - https://yoast.com/wordpress/plugins/seo/ -->
<title>Las plantas de mi abuelo (castellano) - Imma Mestre | Ilustración</title>
<meta name="robots" content="index, follow, max-snippet:-1, max-image-preview:large, max-video-preview:-1" />
<link rel="canonical" href="https://old.immamestre.com/producto/las-plantas-de-mi-abuelo-castellano/" />
<meta property="og:locale" content="es_ES" />
<meta property="og:type" content="article" />
<meta property="og:title" content="Las plantas de mi abuelo (castellano) - Imma Mestre | Ilustración" />
<meta property="og:description" content="El abuelo tenía muchas plantas, cuidaba de ellas a diario, las mimaba de forma distinta, según el mes del calendario.  Álbum ilustrado que narra el recuerdo que tiene una niña de su abuelo, a través del amor de ambos por las plantas." />
<meta property="og:url" content="https://old.immamestre.com/producto/las-plantas-de-mi-abuelo-castellano/" />
<meta property="og:site_name" content="Imma Mestre | Ilustración" />
<meta property="article:modified_time" content="2021-08-15T11:28:54+00:00" />
<meta property="og:image" content="https://old.immamestre.com/wp-content/uploads/2021/01/IL_LPDLA_PortadaCAST.jpg" />
	<meta property="og:image:width" content="1080" />
	<meta property="og:image:height" content="1080" />
	<meta property="og:image:type" content="image/jpeg" />
<meta name="twitter:label1" content="Tiempo de lectura" />
	<meta name="twitter:data1" content="1 minuto" />
<script type="application/ld+json" class="yoast-schema-graph">{"@context":"https://schema.org","@graph":[{"@type":"WebPage","@id":"https://old.immamestre.com/producto/las-plantas-de-mi-abuelo-castellano/","url":"https://old.immamestre.com/producto/las-plantas-de-mi-abuelo-castellano/","name":"Las plantas de mi abuelo (castellano) - Imma Mestre | Ilustración","isPartOf":{"@id":"https://old.immamestre.com/#website"},"primaryImageOfPage":{"@id":"https://old.immamestre.com/producto/las-plantas-de-mi-abuelo-castellano/#primaryimage"},"image":{"@id":"https://old.immamestre.com/producto/las-plantas-de-mi-abuelo-castellano/#primaryimage"},"thumbnailUrl":"https://old.immamestre.com/wp-content/uploads/2021/01/IL_LPDLA_PortadaCAST.jpg","datePublished":"2021-01-26T19:23:22+00:00","dateModified":"2021-08-15T11:28:54+00:00","breadcrumb":{"@id":"https://old.immamestre.com/producto/las-plantas-de-mi-abuelo-castellano/#breadcrumb"},"inLanguage":"es","potentialAction":[{"@type":"ReadAction","target":["https://old.immamestre.com/producto/las-plantas-de-mi-abuelo-castellano/"]}]},{"@type":"ImageObject","inLanguage":"es","@id":"https://old.immamestre.com/producto/las-plantas-de-mi-abuelo-castellano/#primaryimage","url":"https://old.immamestre.com/wp-content/uploads/2021/01/IL_LPDLA_PortadaCAST.jpg","contentUrl":"https://old.immamestre.com/wp-content/uploads/2021/01/IL_LPDLA_PortadaCAST.jpg","width":1080,"height":1080},{"@type":"BreadcrumbList","@id":"https://old.immamestre.com/producto/las-plantas-de-mi-abuelo-castellano/#breadcrumb","itemListElement":[{"@type":"ListItem","position":1,"name":"Home","item":"https://old.immamestre.com/"},{"@type":"ListItem","position":2,"name":"Tienda","item":"https://old.immamestre.com/botiga/"},{"@type":"ListItem","position":3,"name":"Las plantas de mi abuelo (castellano)"}]},{"@type":"WebSite","@id":"https://old.immamestre.com/#website","url":"https://old.immamestre.com/","name":"Imma Mestre | Ilustración","description":"ilustración","publisher":{"@id":"https://old.immamestre.com/#/schema/person/f649c9039586af566b698906bc9da076"},"potentialAction":[{"@type":"SearchAction","target":{"@type":"EntryPoint","urlTemplate":"https://old.immamestre.com/?s={search_term_string}"},"query-input":{"@type":"PropertyValueSpecification","valueRequired":true,"valueName":"search_term_string"}}],"inLanguage":"es"},{"@type":["Person","Organization"],"@id":"https://old.immamestre.com/#/schema/person/f649c9039586af566b698906bc9da076","name":"Imma Mestre","image":{"@type":"ImageObject","inLanguage":"es","@id":"https://old.immamestre.com/#/schema/person/image/","url":"https://secure.gravatar.com/avatar/fe9530742331fb8e4cb4de875d82303426947d472e41eb783b6dc62694aa6aff?s=96&d=mm&r=g","contentUrl":"https://secure.gravatar.com/avatar/fe9530742331fb8e4cb4de875d82303426947d472e41eb783b6dc62694aa6aff?s=96&d=mm&r=g","caption":"Imma Mestre"},"logo":{"@id":"https://old.immamestre.com/#/schema/person/image/"},"description":"Hola soy Imma. Ilustradora. Hablo a través de ilustraciones. Dame un lápiz y pinto tu mundo con historias ilustradas que te harán despuntar.","sameAs":["https://www.immamestre.com"]}]}</script>
<!-- / Yoast SEO plugin. -->

Las plantas de mi abuelo (castellano) - Imma Mestre | Ilustración

El abuelo tenía muchas plantas, cuidaba de ellas a diario, las mimaba de forma distinta, según el mes del calendario.  Álbum ilustrado que narra el recuerdo que tiene una niña de su abuelo, a través del amor de ambos por las plantas.

Imma Mestre | Ilustración

ilustración

Hola soy Imma. Ilustradora. Hablo a través de ilustraciones. Dame un lápiz y pinto tu mundo con historias ilustradas que te harán despuntar.
