{"id":12704,"date":"2021-03-02T09:24:48","date_gmt":"2021-03-02T08:24:48","guid":{"rendered":"https:\/\/www.immamestre.com\/?post_type=product&#038;p=12704"},"modified":"2021-11-28T18:53:06","modified_gmt":"2021-11-28T17:53:06","slug":"lamina-sansevieria-cilindrica","status":"publish","type":"product","link":"https:\/\/old.immamestre.com\/es\/producto\/lamina-sansevieria-cilindrica\/","title":{"rendered":"L\u00e1mina Sansevieria Cil\u00edndrica"},"content":{"rendered":"<p>La <em>Sansevieria cilindrica<\/em> es una planta muy resistente, que no demanda mucho riego y purificadora de ambientes. Es llamativa por su est\u00e9tica en forma de lenguas redondas que crecen en altura.<\/p>\n<p>\u00c9sta l\u00e1mina quedar\u00e1 preciosa en cualquier rinc\u00f3n de tu casa: En el sal\u00f3n, en la cocina, en el ba\u00f1o, tu estudio&#8230;<\/p>\n<p>Poner una l\u00e1mina con ilustraciones de plantas en tu espacio preferido te conectar\u00e1 con la naturaleza y es una forma de tener plantas por mucho tiempo, sin estresarte por sus cuidados y sin que se te mueran.<\/p>\n<p>La l\u00e1mina <em>Sansevieria cilindrica<\/em> est\u00e1 disponible en tres tama\u00f1os. Puedes escoger entre:<\/p>\n<ul>\n<li>A3 (29,7x42cm)<\/li>\n<li>A4 (21\u00d729,7cm)<\/li>\n<li>A5 (14,85x21cm) .<\/li>\n<\/ul>\n<p>Impreso en papel ecol\u00f3gico estucado mate de 250gr, a una cara y firmado por delante.<\/p>\n<p>Se imprimen baja demanda.<\/p>\n<p>No incluye marco.<\/p>\n<p>(Lee atentamente las\u00a0<a href=\"https:\/\/old.immamestre.com\/condiciones-de-venta\/\">Condiciones de venta<\/a>).<\/p>\n","protected":false},"excerpt":{"rendered":"<p>L\u00e1mina <em>Sansavieria cilindrica<\/em> dise\u00f1ada para ti, que te gustan las plantas. Tanto si las amas y quieres llenar tus paredes de verde naturaleza, combinando ilustraci\u00f3n con plantas naturales, como si te consideras una <em>mataplantas<\/em> y las ilustraciones plantiles son la \u00fanica opci\u00f3n para que te vivan y llenes tu casa de verde.<\/p>\n<p>Puedes escoger el tama\u00f1o que quieras A3 (29,7x42cm), A4 (21\u00d729,7cm) y A5 (14,85x21cm) .<\/p>\n<p>Se imprimen baja demanda.<\/p>\n","protected":false},"featured_media":12709,"comment_status":"open","ping_status":"closed","template":"","meta":{"_et_pb_use_builder":"","_et_pb_old_content":"","_et_gb_content_width":"","_monsterinsights_skip_tracking":false,"_monsterinsights_sitenote_active":false,"_monsterinsights_sitenote_note":"","_monsterinsights_sitenote_category":0},"product_brand":[],"product_cat":[290],"product_tag":[],"class_list":{"0":"post-12704","1":"product","2":"type-product","3":"status-publish","4":"has-post-thumbnail","6":"product_cat-laminas","8":"first","9":"instock","10":"taxable","11":"shipping-taxable","12":"purchasable","13":"product-type-variable"},"yoast_head":"<!-- This site is optimized with the Yoast SEO plugin v26.1.1 - https:\/\/yoast.com\/wordpress\/plugins\/seo\/ -->\n<title>L\u00e1mina Sansevieria Cil\u00edndrica - Imma Mestre | Ilustraci\u00f3n<\/title>\n<meta name=\"robots\" content=\"index, follow, max-snippet:-1, max-image-preview:large, max-video-preview:-1\" \/>\n<link rel=\"canonical\" href=\"https:\/\/old.immamestre.com\/es\/producto\/lamina-sansevieria-cilindrica\/\" \/>\n<meta property=\"og:locale\" content=\"es_ES\" \/>\n<meta property=\"og:type\" content=\"article\" \/>\n<meta property=\"og:title\" content=\"L\u00e1mina Sansevieria Cil\u00edndrica - Imma Mestre | Ilustraci\u00f3n\" \/>\n<meta property=\"og:description\" content=\"L\u00e1mina Sansavieria cilindrica dise\u00f1ada para ti, que te gustan las plantas. Tanto si las amas y quieres llenar tus paredes de verde naturaleza, combinando ilustraci\u00f3n con plantas naturales, como si te consideras una mataplantas y las ilustraciones plantiles son la \u00fanica opci\u00f3n para que te vivan y llenes tu casa de verde.  Puedes escoger el tama\u00f1o que quieras A3 (29,7x42cm), A4 (21\u00d729,7cm) y A5 (14,85x21cm) .  Se imprimen baja demanda.\" \/>\n<meta property=\"og:url\" content=\"https:\/\/old.immamestre.com\/es\/producto\/lamina-sansevieria-cilindrica\/\" \/>\n<meta property=\"og:site_name\" content=\"Imma Mestre | Ilustraci\u00f3n\" \/>\n<meta property=\"article:modified_time\" content=\"2021-11-28T17:53:06+00:00\" \/>\n<meta property=\"og:image\" content=\"https:\/\/old.immamestre.com\/wp-content\/uploads\/2020\/10\/3CE54D45-0090-4DA0-9FE1-2D1F8E309987.jpeg\" \/>\n\t<meta property=\"og:image:width\" content=\"1069\" \/>\n\t<meta property=\"og:image:height\" content=\"1089\" \/>\n\t<meta property=\"og:image:type\" content=\"image\/jpeg\" \/>\n<meta name=\"twitter:label1\" content=\"Tiempo de lectura\" \/>\n\t<meta name=\"twitter:data1\" content=\"1 minuto\" \/>\n<script type=\"application\/ld+json\" class=\"yoast-schema-graph\">{\"@context\":\"https:\/\/schema.org\",\"@graph\":[{\"@type\":\"WebPage\",\"@id\":\"https:\/\/old.immamestre.com\/es\/producto\/lamina-sansevieria-cilindrica\/\",\"url\":\"https:\/\/old.immamestre.com\/es\/producto\/lamina-sansevieria-cilindrica\/\",\"name\":\"L\u00e1mina Sansevieria Cil\u00edndrica - Imma Mestre | Ilustraci\u00f3n\",\"isPartOf\":{\"@id\":\"https:\/\/old.immamestre.com\/#website\"},\"primaryImageOfPage\":{\"@id\":\"https:\/\/old.immamestre.com\/es\/producto\/lamina-sansevieria-cilindrica\/#primaryimage\"},\"image\":{\"@id\":\"https:\/\/old.immamestre.com\/es\/producto\/lamina-sansevieria-cilindrica\/#primaryimage\"},\"thumbnailUrl\":\"https:\/\/old.immamestre.com\/wp-content\/uploads\/2020\/10\/3CE54D45-0090-4DA0-9FE1-2D1F8E309987.jpeg\",\"datePublished\":\"2021-03-02T08:24:48+00:00\",\"dateModified\":\"2021-11-28T17:53:06+00:00\",\"breadcrumb\":{\"@id\":\"https:\/\/old.immamestre.com\/es\/producto\/lamina-sansevieria-cilindrica\/#breadcrumb\"},\"inLanguage\":\"es\",\"potentialAction\":[{\"@type\":\"ReadAction\",\"target\":[\"https:\/\/old.immamestre.com\/es\/producto\/lamina-sansevieria-cilindrica\/\"]}]},{\"@type\":\"ImageObject\",\"inLanguage\":\"es\",\"@id\":\"https:\/\/old.immamestre.com\/es\/producto\/lamina-sansevieria-cilindrica\/#primaryimage\",\"url\":\"https:\/\/old.immamestre.com\/wp-content\/uploads\/2020\/10\/3CE54D45-0090-4DA0-9FE1-2D1F8E309987.jpeg\",\"contentUrl\":\"https:\/\/old.immamestre.com\/wp-content\/uploads\/2020\/10\/3CE54D45-0090-4DA0-9FE1-2D1F8E309987.jpeg\",\"width\":1069,\"height\":1089},{\"@type\":\"BreadcrumbList\",\"@id\":\"https:\/\/old.immamestre.com\/es\/producto\/lamina-sansevieria-cilindrica\/#breadcrumb\",\"itemListElement\":[{\"@type\":\"ListItem\",\"position\":1,\"name\":\"Home\",\"item\":\"https:\/\/old.immamestre.com\/\"},{\"@type\":\"ListItem\",\"position\":2,\"name\":\"Tienda\",\"item\":\"https:\/\/old.immamestre.com\/botiga\/\"},{\"@type\":\"ListItem\",\"position\":3,\"name\":\"L\u00e1mina Sansevieria Cil\u00edndrica\"}]},{\"@type\":\"WebSite\",\"@id\":\"https:\/\/old.immamestre.com\/#website\",\"url\":\"https:\/\/old.immamestre.com\/\",\"name\":\"Imma Mestre | Ilustraci\u00f3n\",\"description\":\"ilustraci\u00f3n\",\"publisher\":{\"@id\":\"https:\/\/old.immamestre.com\/#\/schema\/person\/f649c9039586af566b698906bc9da076\"},\"potentialAction\":[{\"@type\":\"SearchAction\",\"target\":{\"@type\":\"EntryPoint\",\"urlTemplate\":\"https:\/\/old.immamestre.com\/?s={search_term_string}\"},\"query-input\":{\"@type\":\"PropertyValueSpecification\",\"valueRequired\":true,\"valueName\":\"search_term_string\"}}],\"inLanguage\":\"es\"},{\"@type\":[\"Person\",\"Organization\"],\"@id\":\"https:\/\/old.immamestre.com\/#\/schema\/person\/f649c9039586af566b698906bc9da076\",\"name\":\"Imma Mestre\",\"image\":{\"@type\":\"ImageObject\",\"inLanguage\":\"es\",\"@id\":\"https:\/\/old.immamestre.com\/#\/schema\/person\/image\/\",\"url\":\"https:\/\/secure.gravatar.com\/avatar\/fe9530742331fb8e4cb4de875d82303426947d472e41eb783b6dc62694aa6aff?s=96&d=mm&r=g\",\"contentUrl\":\"https:\/\/secure.gravatar.com\/avatar\/fe9530742331fb8e4cb4de875d82303426947d472e41eb783b6dc62694aa6aff?s=96&d=mm&r=g\",\"caption\":\"Imma Mestre\"},\"logo\":{\"@id\":\"https:\/\/old.immamestre.com\/#\/schema\/person\/image\/\"},\"description\":\"Hola soy Imma. Ilustradora. Hablo a trav\u00e9s de ilustraciones. Dame un l\u00e1piz y pinto tu mundo con historias ilustradas que te har\u00e1n despuntar.\",\"sameAs\":[\"https:\/\/www.immamestre.com\"]}]}<\/script>\n<!-- \/ Yoast SEO plugin. -->","yoast_head_json":{"title":"L\u00e1mina Sansevieria Cil\u00edndrica - Imma Mestre | Ilustraci\u00f3n","robots":{"index":"index","follow":"follow","max-snippet":"max-snippet:-1","max-image-preview":"max-image-preview:large","max-video-preview":"max-video-preview:-1"},"canonical":"https:\/\/old.immamestre.com\/es\/producto\/lamina-sansevieria-cilindrica\/","og_locale":"es_ES","og_type":"article","og_title":"L\u00e1mina Sansevieria Cil\u00edndrica - Imma Mestre | Ilustraci\u00f3n","og_description":"L\u00e1mina Sansavieria cilindrica dise\u00f1ada para ti, que te gustan las plantas. Tanto si las amas y quieres llenar tus paredes de verde naturaleza, combinando ilustraci\u00f3n con plantas naturales, como si te consideras una mataplantas y las ilustraciones plantiles son la \u00fanica opci\u00f3n para que te vivan y llenes tu casa de verde.  Puedes escoger el tama\u00f1o que quieras A3 (29,7x42cm), A4 (21\u00d729,7cm) y A5 (14,85x21cm) .  Se imprimen baja demanda.","og_url":"https:\/\/old.immamestre.com\/es\/producto\/lamina-sansevieria-cilindrica\/","og_site_name":"Imma Mestre | Ilustraci\u00f3n","article_modified_time":"2021-11-28T17:53:06+00:00","og_image":[{"width":1069,"height":1089,"url":"https:\/\/old.immamestre.com\/wp-content\/uploads\/2020\/10\/3CE54D45-0090-4DA0-9FE1-2D1F8E309987.jpeg","type":"image\/jpeg"}],"twitter_misc":{"Tiempo de lectura":"1 minuto"},"schema":{"@context":"https:\/\/schema.org","@graph":[{"@type":"WebPage","@id":"https:\/\/old.immamestre.com\/es\/producto\/lamina-sansevieria-cilindrica\/","url":"https:\/\/old.immamestre.com\/es\/producto\/lamina-sansevieria-cilindrica\/","name":"L\u00e1mina Sansevieria Cil\u00edndrica - Imma Mestre | Ilustraci\u00f3n","isPartOf":{"@id":"https:\/\/old.immamestre.com\/#website"},"primaryImageOfPage":{"@id":"https:\/\/old.immamestre.com\/es\/producto\/lamina-sansevieria-cilindrica\/#primaryimage"},"image":{"@id":"https:\/\/old.immamestre.com\/es\/producto\/lamina-sansevieria-cilindrica\/#primaryimage"},"thumbnailUrl":"https:\/\/old.immamestre.com\/wp-content\/uploads\/2020\/10\/3CE54D45-0090-4DA0-9FE1-2D1F8E309987.jpeg","datePublished":"2021-03-02T08:24:48+00:00","dateModified":"2021-11-28T17:53:06+00:00","breadcrumb":{"@id":"https:\/\/old.immamestre.com\/es\/producto\/lamina-sansevieria-cilindrica\/#breadcrumb"},"inLanguage":"es","potentialAction":[{"@type":"ReadAction","target":["https:\/\/old.immamestre.com\/es\/producto\/lamina-sansevieria-cilindrica\/"]}]},{"@type":"ImageObject","inLanguage":"es","@id":"https:\/\/old.immamestre.com\/es\/producto\/lamina-sansevieria-cilindrica\/#primaryimage","url":"https:\/\/old.immamestre.com\/wp-content\/uploads\/2020\/10\/3CE54D45-0090-4DA0-9FE1-2D1F8E309987.jpeg","contentUrl":"https:\/\/old.immamestre.com\/wp-content\/uploads\/2020\/10\/3CE54D45-0090-4DA0-9FE1-2D1F8E309987.jpeg","width":1069,"height":1089},{"@type":"BreadcrumbList","@id":"https:\/\/old.immamestre.com\/es\/producto\/lamina-sansevieria-cilindrica\/#breadcrumb","itemListElement":[{"@type":"ListItem","position":1,"name":"Home","item":"https:\/\/old.immamestre.com\/"},{"@type":"ListItem","position":2,"name":"Tienda","item":"https:\/\/old.immamestre.com\/botiga\/"},{"@type":"ListItem","position":3,"name":"L\u00e1mina Sansevieria Cil\u00edndrica"}]},{"@type":"WebSite","@id":"https:\/\/old.immamestre.com\/#website","url":"https:\/\/old.immamestre.com\/","name":"Imma Mestre | Ilustraci\u00f3n","description":"ilustraci\u00f3n","publisher":{"@id":"https:\/\/old.immamestre.com\/#\/schema\/person\/f649c9039586af566b698906bc9da076"},"potentialAction":[{"@type":"SearchAction","target":{"@type":"EntryPoint","urlTemplate":"https:\/\/old.immamestre.com\/?s={search_term_string}"},"query-input":{"@type":"PropertyValueSpecification","valueRequired":true,"valueName":"search_term_string"}}],"inLanguage":"es"},{"@type":["Person","Organization"],"@id":"https:\/\/old.immamestre.com\/#\/schema\/person\/f649c9039586af566b698906bc9da076","name":"Imma Mestre","image":{"@type":"ImageObject","inLanguage":"es","@id":"https:\/\/old.immamestre.com\/#\/schema\/person\/image\/","url":"https:\/\/secure.gravatar.com\/avatar\/fe9530742331fb8e4cb4de875d82303426947d472e41eb783b6dc62694aa6aff?s=96&d=mm&r=g","contentUrl":"https:\/\/secure.gravatar.com\/avatar\/fe9530742331fb8e4cb4de875d82303426947d472e41eb783b6dc62694aa6aff?s=96&d=mm&r=g","caption":"Imma Mestre"},"logo":{"@id":"https:\/\/old.immamestre.com\/#\/schema\/person\/image\/"},"description":"Hola soy Imma. Ilustradora. Hablo a trav\u00e9s de ilustraciones. Dame un l\u00e1piz y pinto tu mundo con historias ilustradas que te har\u00e1n despuntar.","sameAs":["https:\/\/www.immamestre.com"]}]}},"_links":{"self":[{"href":"https:\/\/old.immamestre.com\/es\/wp-json\/wp\/v2\/product\/12704","targetHints":{"allow":["GET"]}}],"collection":[{"href":"https:\/\/old.immamestre.com\/es\/wp-json\/wp\/v2\/product"}],"about":[{"href":"https:\/\/old.immamestre.com\/es\/wp-json\/wp\/v2\/types\/product"}],"replies":[{"embeddable":true,"href":"https:\/\/old.immamestre.com\/es\/wp-json\/wp\/v2\/comments?post=12704"}],"wp:featuredmedia":[{"embeddable":true,"href":"https:\/\/old.immamestre.com\/es\/wp-json\/wp\/v2\/media\/12709"}],"wp:attachment":[{"href":"https:\/\/old.immamestre.com\/es\/wp-json\/wp\/v2\/media?parent=12704"}],"wp:term":[{"taxonomy":"product_brand","embeddable":true,"href":"https:\/\/old.immamestre.com\/es\/wp-json\/wp\/v2\/product_brand?post=12704"},{"taxonomy":"product_cat","embeddable":true,"href":"https:\/\/old.immamestre.com\/es\/wp-json\/wp\/v2\/product_cat?post=12704"},{"taxonomy":"product_tag","embeddable":true,"href":"https:\/\/old.immamestre.com\/es\/wp-json\/wp\/v2\/product_tag?post=12704"}],"curies":[{"name":"wp","href":"https:\/\/api.w.org\/{rel}","templated":true}]}}

Lámina Sansevieria Cilíndrica

<p>La <em>Sansevieria cilindrica</em> es una planta muy resistente, que no demanda mucho riego y purificadora de ambientes. Es llamativa por su estética en forma de lenguas redondas que crecen en altura.</p>
<p>Ésta lámina quedará preciosa en cualquier rincón de tu casa: En el salón, en la cocina, en el baño, tu estudio&#8230;</p>
<p>Poner una lámina con ilustraciones de plantas en tu espacio preferido te conectará con la naturaleza y es una forma de tener plantas por mucho tiempo, sin estresarte por sus cuidados y sin que se te mueran.</p>
<p>La lámina <em>Sansevieria cilindrica</em> está disponible en tres tamaños. Puedes escoger entre:</p>
<ul>
<li>A3 (29,7x42cm)</li>
<li>A4 (21×29,7cm)</li>
<li>A5 (14,85x21cm) .</li>
</ul>
<p>Impreso en papel ecológico estucado mate de 250gr, a una cara y firmado por delante.</p>
<p>Se imprimen baja demanda.</p>
<p>No incluye marco.</p>
<p>(Lee atentamente las <a href="https://old.immamestre.com/condiciones-de-venta/">Condiciones de venta</a>).</p>

<p>Lámina <em>Sansavieria cilindrica</em> diseñada para ti, que te gustan las plantas. Tanto si las amas y quieres llenar tus paredes de verde naturaleza, combinando ilustración con plantas naturales, como si te consideras una <em>mataplantas</em> y las ilustraciones plantiles son la única opción para que te vivan y llenes tu casa de verde.</p>
<p>Puedes escoger el tamaño que quieras A3 (29,7x42cm), A4 (21×29,7cm) y A5 (14,85x21cm) .</p>
<p>Se imprimen baja demanda.</p>

<!-- This site is optimized with the Yoast SEO plugin v26.1.1 - https://yoast.com/wordpress/plugins/seo/ -->
<title>Lámina Sansevieria Cilíndrica - Imma Mestre | Ilustración</title>
<meta name="robots" content="index, follow, max-snippet:-1, max-image-preview:large, max-video-preview:-1" />
<link rel="canonical" href="https://old.immamestre.com/es/producto/lamina-sansevieria-cilindrica/" />
<meta property="og:locale" content="es_ES" />
<meta property="og:type" content="article" />
<meta property="og:title" content="Lámina Sansevieria Cilíndrica - Imma Mestre | Ilustración" />
<meta property="og:description" content="Lámina Sansavieria cilindrica diseñada para ti, que te gustan las plantas. Tanto si las amas y quieres llenar tus paredes de verde naturaleza, combinando ilustración con plantas naturales, como si te consideras una mataplantas y las ilustraciones plantiles son la única opción para que te vivan y llenes tu casa de verde.  Puedes escoger el tamaño que quieras A3 (29,7x42cm), A4 (21×29,7cm) y A5 (14,85x21cm) .  Se imprimen baja demanda." />
<meta property="og:url" content="https://old.immamestre.com/es/producto/lamina-sansevieria-cilindrica/" />
<meta property="og:site_name" content="Imma Mestre | Ilustración" />
<meta property="article:modified_time" content="2021-11-28T17:53:06+00:00" />
<meta property="og:image" content="https://old.immamestre.com/wp-content/uploads/2020/10/3CE54D45-0090-4DA0-9FE1-2D1F8E309987.jpeg" />
	<meta property="og:image:width" content="1069" />
	<meta property="og:image:height" content="1089" />
	<meta property="og:image:type" content="image/jpeg" />
<meta name="twitter:label1" content="Tiempo de lectura" />
	<meta name="twitter:data1" content="1 minuto" />
<script type="application/ld+json" class="yoast-schema-graph">{"@context":"https://schema.org","@graph":[{"@type":"WebPage","@id":"https://old.immamestre.com/es/producto/lamina-sansevieria-cilindrica/","url":"https://old.immamestre.com/es/producto/lamina-sansevieria-cilindrica/","name":"Lámina Sansevieria Cilíndrica - Imma Mestre | Ilustración","isPartOf":{"@id":"https://old.immamestre.com/#website"},"primaryImageOfPage":{"@id":"https://old.immamestre.com/es/producto/lamina-sansevieria-cilindrica/#primaryimage"},"image":{"@id":"https://old.immamestre.com/es/producto/lamina-sansevieria-cilindrica/#primaryimage"},"thumbnailUrl":"https://old.immamestre.com/wp-content/uploads/2020/10/3CE54D45-0090-4DA0-9FE1-2D1F8E309987.jpeg","datePublished":"2021-03-02T08:24:48+00:00","dateModified":"2021-11-28T17:53:06+00:00","breadcrumb":{"@id":"https://old.immamestre.com/es/producto/lamina-sansevieria-cilindrica/#breadcrumb"},"inLanguage":"es","potentialAction":[{"@type":"ReadAction","target":["https://old.immamestre.com/es/producto/lamina-sansevieria-cilindrica/"]}]},{"@type":"ImageObject","inLanguage":"es","@id":"https://old.immamestre.com/es/producto/lamina-sansevieria-cilindrica/#primaryimage","url":"https://old.immamestre.com/wp-content/uploads/2020/10/3CE54D45-0090-4DA0-9FE1-2D1F8E309987.jpeg","contentUrl":"https://old.immamestre.com/wp-content/uploads/2020/10/3CE54D45-0090-4DA0-9FE1-2D1F8E309987.jpeg","width":1069,"height":1089},{"@type":"BreadcrumbList","@id":"https://old.immamestre.com/es/producto/lamina-sansevieria-cilindrica/#breadcrumb","itemListElement":[{"@type":"ListItem","position":1,"name":"Home","item":"https://old.immamestre.com/"},{"@type":"ListItem","position":2,"name":"Tienda","item":"https://old.immamestre.com/botiga/"},{"@type":"ListItem","position":3,"name":"Lámina Sansevieria Cilíndrica"}]},{"@type":"WebSite","@id":"https://old.immamestre.com/#website","url":"https://old.immamestre.com/","name":"Imma Mestre | Ilustración","description":"ilustración","publisher":{"@id":"https://old.immamestre.com/#/schema/person/f649c9039586af566b698906bc9da076"},"potentialAction":[{"@type":"SearchAction","target":{"@type":"EntryPoint","urlTemplate":"https://old.immamestre.com/?s={search_term_string}"},"query-input":{"@type":"PropertyValueSpecification","valueRequired":true,"valueName":"search_term_string"}}],"inLanguage":"es"},{"@type":["Person","Organization"],"@id":"https://old.immamestre.com/#/schema/person/f649c9039586af566b698906bc9da076","name":"Imma Mestre","image":{"@type":"ImageObject","inLanguage":"es","@id":"https://old.immamestre.com/#/schema/person/image/","url":"https://secure.gravatar.com/avatar/fe9530742331fb8e4cb4de875d82303426947d472e41eb783b6dc62694aa6aff?s=96&d=mm&r=g","contentUrl":"https://secure.gravatar.com/avatar/fe9530742331fb8e4cb4de875d82303426947d472e41eb783b6dc62694aa6aff?s=96&d=mm&r=g","caption":"Imma Mestre"},"logo":{"@id":"https://old.immamestre.com/#/schema/person/image/"},"description":"Hola soy Imma. Ilustradora. Hablo a través de ilustraciones. Dame un lápiz y pinto tu mundo con historias ilustradas que te harán despuntar.","sameAs":["https://www.immamestre.com"]}]}</script>
<!-- / Yoast SEO plugin. -->

Lámina Sansevieria Cilíndrica - Imma Mestre | Ilustración

Lámina Sansavieria cilindrica diseñada para ti, que te gustan las plantas. Tanto si las amas y quieres llenar tus paredes de verde naturaleza, combinando ilustración con plantas naturales, como si te consideras una mataplantas y las ilustraciones plantiles son la única opción para que te vivan y llenes tu casa de verde.  Puedes escoger el tamaño que quieras A3 (29,7x42cm), A4 (21×29,7cm) y A5 (14,85x21cm) .  Se imprimen baja demanda.

Imma Mestre | Ilustración

ilustración

Hola soy Imma. Ilustradora. Hablo a través de ilustraciones. Dame un lápiz y pinto tu mundo con historias ilustradas que te harán despuntar.
