{"id":12546,"date":"2020-08-15T22:35:03","date_gmt":"2020-08-15T20:35:03","guid":{"rendered":"https:\/\/www.immamestre.com\/?post_type=product&#038;p=12546"},"modified":"2023-01-12T17:58:17","modified_gmt":"2023-01-12T16:58:17","slug":"libreta-primavera","status":"publish","type":"product","link":"https:\/\/old.immamestre.com\/es\/producto\/libreta-primavera\/","title":{"rendered":"Libreta Primavera"},"content":{"rendered":"<p>Formato: A5 (10,5 x 21cm)<\/p>\n<p>Encuadernado en espiral wir\u2019o negro de doble anilla<\/p>\n<p>Tapa r\u00fastica dura con acabado barn\u00edz mate ante frote, tanto en la portada como en la contraportada, para que no se marquen las huellas<\/p>\n<p>Interior: 100 hojas en blanco de 80gr, ideal para escribir o dibujar sin que traspase la tinta al otro laso de la p\u00e1gina. Lleva un peque\u00f1a ilustraci\u00f3n de estrellas en medio de la parte inferior de la p\u00e1gina para darte inspiraci\u00f3n y energ\u00eda.<\/p>\n<p>En la portada, ilustraci\u00f3n digital tipo c\u00f3mic sobre los contrastes de la primavera.<\/p>\n<p>La contraportada es lisa de color verde primavera.<\/p>\n","protected":false},"excerpt":{"rendered":"<p>Los d\u00edas se alargan, el sol calienta reconfortantemente, una quedada con amigos en una terraza, un concierto con buen ambiente&#8230; \u00a1La primavera! A unos nos gusta, a otros les da alergia.<\/p>\n<p>La libreta <em>Primavera<\/em> es tu ant\u00eddoto anti alergias para hacer de la planificaci\u00f3n un momento que te guste. Util\u00edzalo como agenda, como un espacio para hacer una lista de tareas, para escribir pensamientos que quieres recordar o dibujar lo que te apetezca. Es tu momento y lo disfrutas como m\u00e1s quieras.<\/p>\n","protected":false},"featured_media":12472,"comment_status":"open","ping_status":"closed","template":"","meta":{"_et_pb_use_builder":"","_et_pb_old_content":"","_et_gb_content_width":"","_monsterinsights_skip_tracking":false,"_monsterinsights_sitenote_active":false,"_monsterinsights_sitenote_note":"","_monsterinsights_sitenote_category":0},"product_brand":[],"product_cat":[370,200],"product_tag":[595],"class_list":{"0":"post-12546","1":"product","2":"type-product","3":"status-publish","4":"has-post-thumbnail","6":"product_cat-libretas","7":"product_cat-papel","8":"product_tag-libretas","10":"first","11":"instock","12":"taxable","13":"shipping-taxable","14":"purchasable","15":"product-type-simple"},"yoast_head":"<!-- This site is optimized with the Yoast SEO plugin v26.1.1 - https:\/\/yoast.com\/wordpress\/plugins\/seo\/ -->\n<title>Libreta Primavera - Imma Mestre | Ilustraci\u00f3n<\/title>\n<meta name=\"robots\" content=\"index, follow, max-snippet:-1, max-image-preview:large, max-video-preview:-1\" \/>\n<link rel=\"canonical\" href=\"https:\/\/old.immamestre.com\/es\/producto\/libreta-primavera\/\" \/>\n<meta property=\"og:locale\" content=\"es_ES\" \/>\n<meta property=\"og:type\" content=\"article\" \/>\n<meta property=\"og:title\" content=\"Libreta Primavera - Imma Mestre | Ilustraci\u00f3n\" \/>\n<meta property=\"og:description\" content=\"Los d\u00edas se alargan, el sol calienta reconfortantemente, una quedada con amigos en una terraza, un concierto con buen ambiente... \u00a1La primavera! A unos nos gusta, a otros les da alergia.  La libreta Primavera es tu ant\u00eddoto anti alergias para hacer de la planificaci\u00f3n un momento que te guste. Util\u00edzalo como agenda, como un espacio para hacer una lista de tareas, para escribir pensamientos que quieres recordar o dibujar lo que te apetezca. Es tu momento y lo disfrutas como m\u00e1s quieras.\" \/>\n<meta property=\"og:url\" content=\"https:\/\/old.immamestre.com\/es\/producto\/libreta-primavera\/\" \/>\n<meta property=\"og:site_name\" content=\"Imma Mestre | Ilustraci\u00f3n\" \/>\n<meta property=\"article:modified_time\" content=\"2023-01-12T16:58:17+00:00\" \/>\n<meta property=\"og:image\" content=\"https:\/\/old.immamestre.com\/wp-content\/uploads\/2020\/08\/9320B4CD-F5D5-4EE9-87CA-0C881E27A251.jpeg\" \/>\n\t<meta property=\"og:image:width\" content=\"640\" \/>\n\t<meta property=\"og:image:height\" content=\"640\" \/>\n\t<meta property=\"og:image:type\" content=\"image\/jpeg\" \/>\n<meta name=\"twitter:label1\" content=\"Tiempo de lectura\" \/>\n\t<meta name=\"twitter:data1\" content=\"1 minuto\" \/>\n<script type=\"application\/ld+json\" class=\"yoast-schema-graph\">{\"@context\":\"https:\/\/schema.org\",\"@graph\":[{\"@type\":\"WebPage\",\"@id\":\"https:\/\/old.immamestre.com\/es\/producto\/libreta-primavera\/\",\"url\":\"https:\/\/old.immamestre.com\/es\/producto\/libreta-primavera\/\",\"name\":\"Libreta Primavera - Imma Mestre | Ilustraci\u00f3n\",\"isPartOf\":{\"@id\":\"https:\/\/old.immamestre.com\/#website\"},\"primaryImageOfPage\":{\"@id\":\"https:\/\/old.immamestre.com\/es\/producto\/libreta-primavera\/#primaryimage\"},\"image\":{\"@id\":\"https:\/\/old.immamestre.com\/es\/producto\/libreta-primavera\/#primaryimage\"},\"thumbnailUrl\":\"https:\/\/old.immamestre.com\/wp-content\/uploads\/2020\/08\/9320B4CD-F5D5-4EE9-87CA-0C881E27A251.jpeg\",\"datePublished\":\"2020-08-15T20:35:03+00:00\",\"dateModified\":\"2023-01-12T16:58:17+00:00\",\"breadcrumb\":{\"@id\":\"https:\/\/old.immamestre.com\/es\/producto\/libreta-primavera\/#breadcrumb\"},\"inLanguage\":\"es\",\"potentialAction\":[{\"@type\":\"ReadAction\",\"target\":[\"https:\/\/old.immamestre.com\/es\/producto\/libreta-primavera\/\"]}]},{\"@type\":\"ImageObject\",\"inLanguage\":\"es\",\"@id\":\"https:\/\/old.immamestre.com\/es\/producto\/libreta-primavera\/#primaryimage\",\"url\":\"https:\/\/old.immamestre.com\/wp-content\/uploads\/2020\/08\/9320B4CD-F5D5-4EE9-87CA-0C881E27A251.jpeg\",\"contentUrl\":\"https:\/\/old.immamestre.com\/wp-content\/uploads\/2020\/08\/9320B4CD-F5D5-4EE9-87CA-0C881E27A251.jpeg\",\"width\":640,\"height\":640},{\"@type\":\"BreadcrumbList\",\"@id\":\"https:\/\/old.immamestre.com\/es\/producto\/libreta-primavera\/#breadcrumb\",\"itemListElement\":[{\"@type\":\"ListItem\",\"position\":1,\"name\":\"Home\",\"item\":\"https:\/\/old.immamestre.com\/\"},{\"@type\":\"ListItem\",\"position\":2,\"name\":\"Tienda\",\"item\":\"https:\/\/old.immamestre.com\/botiga\/\"},{\"@type\":\"ListItem\",\"position\":3,\"name\":\"Libreta Primavera\"}]},{\"@type\":\"WebSite\",\"@id\":\"https:\/\/old.immamestre.com\/#website\",\"url\":\"https:\/\/old.immamestre.com\/\",\"name\":\"Imma Mestre | Ilustraci\u00f3n\",\"description\":\"ilustraci\u00f3n\",\"publisher\":{\"@id\":\"https:\/\/old.immamestre.com\/#\/schema\/person\/f649c9039586af566b698906bc9da076\"},\"potentialAction\":[{\"@type\":\"SearchAction\",\"target\":{\"@type\":\"EntryPoint\",\"urlTemplate\":\"https:\/\/old.immamestre.com\/?s={search_term_string}\"},\"query-input\":{\"@type\":\"PropertyValueSpecification\",\"valueRequired\":true,\"valueName\":\"search_term_string\"}}],\"inLanguage\":\"es\"},{\"@type\":[\"Person\",\"Organization\"],\"@id\":\"https:\/\/old.immamestre.com\/#\/schema\/person\/f649c9039586af566b698906bc9da076\",\"name\":\"Imma Mestre\",\"image\":{\"@type\":\"ImageObject\",\"inLanguage\":\"es\",\"@id\":\"https:\/\/old.immamestre.com\/#\/schema\/person\/image\/\",\"url\":\"https:\/\/secure.gravatar.com\/avatar\/fe9530742331fb8e4cb4de875d82303426947d472e41eb783b6dc62694aa6aff?s=96&d=mm&r=g\",\"contentUrl\":\"https:\/\/secure.gravatar.com\/avatar\/fe9530742331fb8e4cb4de875d82303426947d472e41eb783b6dc62694aa6aff?s=96&d=mm&r=g\",\"caption\":\"Imma Mestre\"},\"logo\":{\"@id\":\"https:\/\/old.immamestre.com\/#\/schema\/person\/image\/\"},\"description\":\"Hola soy Imma. Ilustradora. Hablo a trav\u00e9s de ilustraciones. Dame un l\u00e1piz y pinto tu mundo con historias ilustradas que te har\u00e1n despuntar.\",\"sameAs\":[\"https:\/\/www.immamestre.com\"]}]}<\/script>\n<!-- \/ Yoast SEO plugin. -->","yoast_head_json":{"title":"Libreta Primavera - Imma Mestre | Ilustraci\u00f3n","robots":{"index":"index","follow":"follow","max-snippet":"max-snippet:-1","max-image-preview":"max-image-preview:large","max-video-preview":"max-video-preview:-1"},"canonical":"https:\/\/old.immamestre.com\/es\/producto\/libreta-primavera\/","og_locale":"es_ES","og_type":"article","og_title":"Libreta Primavera - Imma Mestre | Ilustraci\u00f3n","og_description":"Los d\u00edas se alargan, el sol calienta reconfortantemente, una quedada con amigos en una terraza, un concierto con buen ambiente... \u00a1La primavera! A unos nos gusta, a otros les da alergia.  La libreta Primavera es tu ant\u00eddoto anti alergias para hacer de la planificaci\u00f3n un momento que te guste. Util\u00edzalo como agenda, como un espacio para hacer una lista de tareas, para escribir pensamientos que quieres recordar o dibujar lo que te apetezca. Es tu momento y lo disfrutas como m\u00e1s quieras.","og_url":"https:\/\/old.immamestre.com\/es\/producto\/libreta-primavera\/","og_site_name":"Imma Mestre | Ilustraci\u00f3n","article_modified_time":"2023-01-12T16:58:17+00:00","og_image":[{"width":640,"height":640,"url":"https:\/\/old.immamestre.com\/wp-content\/uploads\/2020\/08\/9320B4CD-F5D5-4EE9-87CA-0C881E27A251.jpeg","type":"image\/jpeg"}],"twitter_misc":{"Tiempo de lectura":"1 minuto"},"schema":{"@context":"https:\/\/schema.org","@graph":[{"@type":"WebPage","@id":"https:\/\/old.immamestre.com\/es\/producto\/libreta-primavera\/","url":"https:\/\/old.immamestre.com\/es\/producto\/libreta-primavera\/","name":"Libreta Primavera - Imma Mestre | Ilustraci\u00f3n","isPartOf":{"@id":"https:\/\/old.immamestre.com\/#website"},"primaryImageOfPage":{"@id":"https:\/\/old.immamestre.com\/es\/producto\/libreta-primavera\/#primaryimage"},"image":{"@id":"https:\/\/old.immamestre.com\/es\/producto\/libreta-primavera\/#primaryimage"},"thumbnailUrl":"https:\/\/old.immamestre.com\/wp-content\/uploads\/2020\/08\/9320B4CD-F5D5-4EE9-87CA-0C881E27A251.jpeg","datePublished":"2020-08-15T20:35:03+00:00","dateModified":"2023-01-12T16:58:17+00:00","breadcrumb":{"@id":"https:\/\/old.immamestre.com\/es\/producto\/libreta-primavera\/#breadcrumb"},"inLanguage":"es","potentialAction":[{"@type":"ReadAction","target":["https:\/\/old.immamestre.com\/es\/producto\/libreta-primavera\/"]}]},{"@type":"ImageObject","inLanguage":"es","@id":"https:\/\/old.immamestre.com\/es\/producto\/libreta-primavera\/#primaryimage","url":"https:\/\/old.immamestre.com\/wp-content\/uploads\/2020\/08\/9320B4CD-F5D5-4EE9-87CA-0C881E27A251.jpeg","contentUrl":"https:\/\/old.immamestre.com\/wp-content\/uploads\/2020\/08\/9320B4CD-F5D5-4EE9-87CA-0C881E27A251.jpeg","width":640,"height":640},{"@type":"BreadcrumbList","@id":"https:\/\/old.immamestre.com\/es\/producto\/libreta-primavera\/#breadcrumb","itemListElement":[{"@type":"ListItem","position":1,"name":"Home","item":"https:\/\/old.immamestre.com\/"},{"@type":"ListItem","position":2,"name":"Tienda","item":"https:\/\/old.immamestre.com\/botiga\/"},{"@type":"ListItem","position":3,"name":"Libreta Primavera"}]},{"@type":"WebSite","@id":"https:\/\/old.immamestre.com\/#website","url":"https:\/\/old.immamestre.com\/","name":"Imma Mestre | Ilustraci\u00f3n","description":"ilustraci\u00f3n","publisher":{"@id":"https:\/\/old.immamestre.com\/#\/schema\/person\/f649c9039586af566b698906bc9da076"},"potentialAction":[{"@type":"SearchAction","target":{"@type":"EntryPoint","urlTemplate":"https:\/\/old.immamestre.com\/?s={search_term_string}"},"query-input":{"@type":"PropertyValueSpecification","valueRequired":true,"valueName":"search_term_string"}}],"inLanguage":"es"},{"@type":["Person","Organization"],"@id":"https:\/\/old.immamestre.com\/#\/schema\/person\/f649c9039586af566b698906bc9da076","name":"Imma Mestre","image":{"@type":"ImageObject","inLanguage":"es","@id":"https:\/\/old.immamestre.com\/#\/schema\/person\/image\/","url":"https:\/\/secure.gravatar.com\/avatar\/fe9530742331fb8e4cb4de875d82303426947d472e41eb783b6dc62694aa6aff?s=96&d=mm&r=g","contentUrl":"https:\/\/secure.gravatar.com\/avatar\/fe9530742331fb8e4cb4de875d82303426947d472e41eb783b6dc62694aa6aff?s=96&d=mm&r=g","caption":"Imma Mestre"},"logo":{"@id":"https:\/\/old.immamestre.com\/#\/schema\/person\/image\/"},"description":"Hola soy Imma. Ilustradora. Hablo a trav\u00e9s de ilustraciones. Dame un l\u00e1piz y pinto tu mundo con historias ilustradas que te har\u00e1n despuntar.","sameAs":["https:\/\/www.immamestre.com"]}]}},"_links":{"self":[{"href":"https:\/\/old.immamestre.com\/es\/wp-json\/wp\/v2\/product\/12546","targetHints":{"allow":["GET"]}}],"collection":[{"href":"https:\/\/old.immamestre.com\/es\/wp-json\/wp\/v2\/product"}],"about":[{"href":"https:\/\/old.immamestre.com\/es\/wp-json\/wp\/v2\/types\/product"}],"replies":[{"embeddable":true,"href":"https:\/\/old.immamestre.com\/es\/wp-json\/wp\/v2\/comments?post=12546"}],"wp:featuredmedia":[{"embeddable":true,"href":"https:\/\/old.immamestre.com\/es\/wp-json\/wp\/v2\/media\/12472"}],"wp:attachment":[{"href":"https:\/\/old.immamestre.com\/es\/wp-json\/wp\/v2\/media?parent=12546"}],"wp:term":[{"taxonomy":"product_brand","embeddable":true,"href":"https:\/\/old.immamestre.com\/es\/wp-json\/wp\/v2\/product_brand?post=12546"},{"taxonomy":"product_cat","embeddable":true,"href":"https:\/\/old.immamestre.com\/es\/wp-json\/wp\/v2\/product_cat?post=12546"},{"taxonomy":"product_tag","embeddable":true,"href":"https:\/\/old.immamestre.com\/es\/wp-json\/wp\/v2\/product_tag?post=12546"}],"curies":[{"name":"wp","href":"https:\/\/api.w.org\/{rel}","templated":true}]}}

<p>Formato: A5 (10,5 x 21cm)</p>
<p>Encuadernado en espiral wir’o negro de doble anilla</p>
<p>Tapa rústica dura con acabado barníz mate ante frote, tanto en la portada como en la contraportada, para que no se marquen las huellas</p>
<p>Interior: 100 hojas en blanco de 80gr, ideal para escribir o dibujar sin que traspase la tinta al otro laso de la página. Lleva un pequeña ilustración de estrellas en medio de la parte inferior de la página para darte inspiración y energía.</p>
<p>En la portada, ilustración digital tipo cómic sobre los contrastes de la primavera.</p>
<p>La contraportada es lisa de color verde primavera.</p>

<p>Los días se alargan, el sol calienta reconfortantemente, una quedada con amigos en una terraza, un concierto con buen ambiente&#8230; ¡La primavera! A unos nos gusta, a otros les da alergia.</p>
<p>La libreta <em>Primavera</em> es tu antídoto anti alergias para hacer de la planificación un momento que te guste. Utilízalo como agenda, como un espacio para hacer una lista de tareas, para escribir pensamientos que quieres recordar o dibujar lo que te apetezca. Es tu momento y lo disfrutas como más quieras.</p>

<!-- This site is optimized with the Yoast SEO plugin v26.1.1 - https://yoast.com/wordpress/plugins/seo/ -->
<title>Libreta Primavera - Imma Mestre | Ilustración</title>
<meta name="robots" content="index, follow, max-snippet:-1, max-image-preview:large, max-video-preview:-1" />
<link rel="canonical" href="https://old.immamestre.com/es/producto/libreta-primavera/" />
<meta property="og:locale" content="es_ES" />
<meta property="og:type" content="article" />
<meta property="og:title" content="Libreta Primavera - Imma Mestre | Ilustración" />
<meta property="og:description" content="Los días se alargan, el sol calienta reconfortantemente, una quedada con amigos en una terraza, un concierto con buen ambiente... ¡La primavera! A unos nos gusta, a otros les da alergia.  La libreta Primavera es tu antídoto anti alergias para hacer de la planificación un momento que te guste. Utilízalo como agenda, como un espacio para hacer una lista de tareas, para escribir pensamientos que quieres recordar o dibujar lo que te apetezca. Es tu momento y lo disfrutas como más quieras." />
<meta property="og:url" content="https://old.immamestre.com/es/producto/libreta-primavera/" />
<meta property="og:site_name" content="Imma Mestre | Ilustración" />
<meta property="article:modified_time" content="2023-01-12T16:58:17+00:00" />
<meta property="og:image" content="https://old.immamestre.com/wp-content/uploads/2020/08/9320B4CD-F5D5-4EE9-87CA-0C881E27A251.jpeg" />
	<meta property="og:image:width" content="640" />
	<meta property="og:image:height" content="640" />
	<meta property="og:image:type" content="image/jpeg" />
<meta name="twitter:label1" content="Tiempo de lectura" />
	<meta name="twitter:data1" content="1 minuto" />
<script type="application/ld+json" class="yoast-schema-graph">{"@context":"https://schema.org","@graph":[{"@type":"WebPage","@id":"https://old.immamestre.com/es/producto/libreta-primavera/","url":"https://old.immamestre.com/es/producto/libreta-primavera/","name":"Libreta Primavera - Imma Mestre | Ilustración","isPartOf":{"@id":"https://old.immamestre.com/#website"},"primaryImageOfPage":{"@id":"https://old.immamestre.com/es/producto/libreta-primavera/#primaryimage"},"image":{"@id":"https://old.immamestre.com/es/producto/libreta-primavera/#primaryimage"},"thumbnailUrl":"https://old.immamestre.com/wp-content/uploads/2020/08/9320B4CD-F5D5-4EE9-87CA-0C881E27A251.jpeg","datePublished":"2020-08-15T20:35:03+00:00","dateModified":"2023-01-12T16:58:17+00:00","breadcrumb":{"@id":"https://old.immamestre.com/es/producto/libreta-primavera/#breadcrumb"},"inLanguage":"es","potentialAction":[{"@type":"ReadAction","target":["https://old.immamestre.com/es/producto/libreta-primavera/"]}]},{"@type":"ImageObject","inLanguage":"es","@id":"https://old.immamestre.com/es/producto/libreta-primavera/#primaryimage","url":"https://old.immamestre.com/wp-content/uploads/2020/08/9320B4CD-F5D5-4EE9-87CA-0C881E27A251.jpeg","contentUrl":"https://old.immamestre.com/wp-content/uploads/2020/08/9320B4CD-F5D5-4EE9-87CA-0C881E27A251.jpeg","width":640,"height":640},{"@type":"BreadcrumbList","@id":"https://old.immamestre.com/es/producto/libreta-primavera/#breadcrumb","itemListElement":[{"@type":"ListItem","position":1,"name":"Home","item":"https://old.immamestre.com/"},{"@type":"ListItem","position":2,"name":"Tienda","item":"https://old.immamestre.com/botiga/"},{"@type":"ListItem","position":3,"name":"Libreta Primavera"}]},{"@type":"WebSite","@id":"https://old.immamestre.com/#website","url":"https://old.immamestre.com/","name":"Imma Mestre | Ilustración","description":"ilustración","publisher":{"@id":"https://old.immamestre.com/#/schema/person/f649c9039586af566b698906bc9da076"},"potentialAction":[{"@type":"SearchAction","target":{"@type":"EntryPoint","urlTemplate":"https://old.immamestre.com/?s={search_term_string}"},"query-input":{"@type":"PropertyValueSpecification","valueRequired":true,"valueName":"search_term_string"}}],"inLanguage":"es"},{"@type":["Person","Organization"],"@id":"https://old.immamestre.com/#/schema/person/f649c9039586af566b698906bc9da076","name":"Imma Mestre","image":{"@type":"ImageObject","inLanguage":"es","@id":"https://old.immamestre.com/#/schema/person/image/","url":"https://secure.gravatar.com/avatar/fe9530742331fb8e4cb4de875d82303426947d472e41eb783b6dc62694aa6aff?s=96&d=mm&r=g","contentUrl":"https://secure.gravatar.com/avatar/fe9530742331fb8e4cb4de875d82303426947d472e41eb783b6dc62694aa6aff?s=96&d=mm&r=g","caption":"Imma Mestre"},"logo":{"@id":"https://old.immamestre.com/#/schema/person/image/"},"description":"Hola soy Imma. Ilustradora. Hablo a través de ilustraciones. Dame un lápiz y pinto tu mundo con historias ilustradas que te harán despuntar.","sameAs":["https://www.immamestre.com"]}]}</script>
<!-- / Yoast SEO plugin. -->

Libreta Primavera - Imma Mestre | Ilustración

Los días se alargan, el sol calienta reconfortantemente, una quedada con amigos en una terraza, un concierto con buen ambiente... ¡La primavera! A unos nos gusta, a otros les da alergia.  La libreta Primavera es tu antídoto anti alergias para hacer de la planificación un momento que te guste. Utilízalo como agenda, como un espacio para hacer una lista de tareas, para escribir pensamientos que quieres recordar o dibujar lo que te apetezca. Es tu momento y lo disfrutas como más quieras.

Imma Mestre | Ilustración

ilustración

Hola soy Imma. Ilustradora. Hablo a través de ilustraciones. Dame un lápiz y pinto tu mundo con historias ilustradas que te harán despuntar.
