{"id":12300,"date":"2020-04-22T21:23:26","date_gmt":"2020-04-22T19:23:26","guid":{"rendered":"https:\/\/www.immamestre.com\/?post_type=product&#038;p=12300"},"modified":"2021-11-28T18:55:26","modified_gmt":"2021-11-28T17:55:26","slug":"lamina-tierra","status":"publish","type":"product","link":"https:\/\/old.immamestre.com\/es\/producto\/lamina-tierra\/","title":{"rendered":"L\u00e1mina Tierra"},"content":{"rendered":"<p>Impreso en papel ecol\u00f3gico estucado mate de 300gr, a una cara y firmado por delante.<\/p>\n<p>Tama\u00f1o: A4\u00a0(21\u00d729,7cm)<\/p>\n<p>No incluye marco.<\/p>\n<p>(Lee atentamente las <a href=\"http:\/\/www.immamestre.com\/condiciones-de-venta\/\">Condiciones de venta<\/a>).<\/p>\n","protected":false},"excerpt":{"rendered":"<p>L\u00e1mina en A4 (21&#215;29,7cm) para ti, que amas a nuestro planeta y te preocupas por \u00e9l. Es un manifiesto y un compromiso que coges hacia \u00e9l. Una concienciaci\u00f3n sobre la importancia de cuidarlo, porqu\u00e9 solo mejoraremos nuestro ecosistema y la \u00a0problem\u00e1tica ambiental si tamamos conciencia individual y bailamos todos unidos en una misma direcci\u00f3n.<\/p>\n<p>(Lee atentamente las <a href=\"http:\/\/www.immamestre.com\/condiciones-de-venta\/\">Condiciones de venta<\/a>).<\/p>\n","protected":false},"featured_media":12301,"comment_status":"open","ping_status":"closed","template":"","meta":{"_et_pb_use_builder":"","_et_pb_old_content":"","_et_gb_content_width":"","_monsterinsights_skip_tracking":false,"_monsterinsights_sitenote_active":false,"_monsterinsights_sitenote_note":"","_monsterinsights_sitenote_category":0},"product_brand":[],"product_cat":[290],"product_tag":[],"class_list":{"0":"post-12300","1":"product","2":"type-product","3":"status-publish","4":"has-post-thumbnail","6":"product_cat-laminas","8":"first","9":"instock","10":"taxable","11":"shipping-taxable","12":"purchasable","13":"product-type-simple"},"yoast_head":"<!-- This site is optimized with the Yoast SEO plugin v26.1.1 - https:\/\/yoast.com\/wordpress\/plugins\/seo\/ -->\n<title>L\u00e1mina Tierra - Imma Mestre | Ilustraci\u00f3n<\/title>\n<meta name=\"robots\" content=\"index, follow, max-snippet:-1, max-image-preview:large, max-video-preview:-1\" \/>\n<link rel=\"canonical\" href=\"https:\/\/old.immamestre.com\/es\/producto\/lamina-tierra\/\" \/>\n<meta property=\"og:locale\" content=\"es_ES\" \/>\n<meta property=\"og:type\" content=\"article\" \/>\n<meta property=\"og:title\" content=\"L\u00e1mina Tierra - Imma Mestre | Ilustraci\u00f3n\" \/>\n<meta property=\"og:description\" content=\"L\u00e1mina en A4 (21x29,7cm) para ti, que amas a nuestro planeta y te preocupas por \u00e9l. Es un manifiesto y un compromiso que coges hacia \u00e9l. Una concienciaci\u00f3n sobre la importancia de cuidarlo, porqu\u00e9 solo mejoraremos nuestro ecosistema y la \u00a0problem\u00e1tica ambiental si tamamos conciencia individual y bailamos todos unidos en una misma direcci\u00f3n.  (Lee atentamente las Condiciones de venta).\" \/>\n<meta property=\"og:url\" content=\"https:\/\/old.immamestre.com\/es\/producto\/lamina-tierra\/\" \/>\n<meta property=\"og:site_name\" content=\"Imma Mestre | Ilustraci\u00f3n\" \/>\n<meta property=\"article:modified_time\" content=\"2021-11-28T17:55:26+00:00\" \/>\n<meta property=\"og:image\" content=\"https:\/\/old.immamestre.com\/wp-content\/uploads\/2020\/04\/AE0E1B7C-FD7A-4509-9809-DE16369DCD76.jpeg\" \/>\n\t<meta property=\"og:image:width\" content=\"600\" \/>\n\t<meta property=\"og:image:height\" content=\"600\" \/>\n\t<meta property=\"og:image:type\" content=\"image\/jpeg\" \/>\n<meta name=\"twitter:label1\" content=\"Tiempo de lectura\" \/>\n\t<meta name=\"twitter:data1\" content=\"1 minuto\" \/>\n<script type=\"application\/ld+json\" class=\"yoast-schema-graph\">{\"@context\":\"https:\/\/schema.org\",\"@graph\":[{\"@type\":\"WebPage\",\"@id\":\"https:\/\/old.immamestre.com\/es\/producto\/lamina-tierra\/\",\"url\":\"https:\/\/old.immamestre.com\/es\/producto\/lamina-tierra\/\",\"name\":\"L\u00e1mina Tierra - Imma Mestre | Ilustraci\u00f3n\",\"isPartOf\":{\"@id\":\"https:\/\/old.immamestre.com\/#website\"},\"primaryImageOfPage\":{\"@id\":\"https:\/\/old.immamestre.com\/es\/producto\/lamina-tierra\/#primaryimage\"},\"image\":{\"@id\":\"https:\/\/old.immamestre.com\/es\/producto\/lamina-tierra\/#primaryimage\"},\"thumbnailUrl\":\"https:\/\/old.immamestre.com\/wp-content\/uploads\/2020\/04\/AE0E1B7C-FD7A-4509-9809-DE16369DCD76.jpeg\",\"datePublished\":\"2020-04-22T19:23:26+00:00\",\"dateModified\":\"2021-11-28T17:55:26+00:00\",\"breadcrumb\":{\"@id\":\"https:\/\/old.immamestre.com\/es\/producto\/lamina-tierra\/#breadcrumb\"},\"inLanguage\":\"es\",\"potentialAction\":[{\"@type\":\"ReadAction\",\"target\":[\"https:\/\/old.immamestre.com\/es\/producto\/lamina-tierra\/\"]}]},{\"@type\":\"ImageObject\",\"inLanguage\":\"es\",\"@id\":\"https:\/\/old.immamestre.com\/es\/producto\/lamina-tierra\/#primaryimage\",\"url\":\"https:\/\/old.immamestre.com\/wp-content\/uploads\/2020\/04\/AE0E1B7C-FD7A-4509-9809-DE16369DCD76.jpeg\",\"contentUrl\":\"https:\/\/old.immamestre.com\/wp-content\/uploads\/2020\/04\/AE0E1B7C-FD7A-4509-9809-DE16369DCD76.jpeg\",\"width\":600,\"height\":600},{\"@type\":\"BreadcrumbList\",\"@id\":\"https:\/\/old.immamestre.com\/es\/producto\/lamina-tierra\/#breadcrumb\",\"itemListElement\":[{\"@type\":\"ListItem\",\"position\":1,\"name\":\"Home\",\"item\":\"https:\/\/old.immamestre.com\/\"},{\"@type\":\"ListItem\",\"position\":2,\"name\":\"Tienda\",\"item\":\"https:\/\/old.immamestre.com\/botiga\/\"},{\"@type\":\"ListItem\",\"position\":3,\"name\":\"L\u00e1mina Tierra\"}]},{\"@type\":\"WebSite\",\"@id\":\"https:\/\/old.immamestre.com\/#website\",\"url\":\"https:\/\/old.immamestre.com\/\",\"name\":\"Imma Mestre | Ilustraci\u00f3n\",\"description\":\"ilustraci\u00f3n\",\"publisher\":{\"@id\":\"https:\/\/old.immamestre.com\/#\/schema\/person\/f649c9039586af566b698906bc9da076\"},\"potentialAction\":[{\"@type\":\"SearchAction\",\"target\":{\"@type\":\"EntryPoint\",\"urlTemplate\":\"https:\/\/old.immamestre.com\/?s={search_term_string}\"},\"query-input\":{\"@type\":\"PropertyValueSpecification\",\"valueRequired\":true,\"valueName\":\"search_term_string\"}}],\"inLanguage\":\"es\"},{\"@type\":[\"Person\",\"Organization\"],\"@id\":\"https:\/\/old.immamestre.com\/#\/schema\/person\/f649c9039586af566b698906bc9da076\",\"name\":\"Imma Mestre\",\"image\":{\"@type\":\"ImageObject\",\"inLanguage\":\"es\",\"@id\":\"https:\/\/old.immamestre.com\/#\/schema\/person\/image\/\",\"url\":\"https:\/\/secure.gravatar.com\/avatar\/fe9530742331fb8e4cb4de875d82303426947d472e41eb783b6dc62694aa6aff?s=96&d=mm&r=g\",\"contentUrl\":\"https:\/\/secure.gravatar.com\/avatar\/fe9530742331fb8e4cb4de875d82303426947d472e41eb783b6dc62694aa6aff?s=96&d=mm&r=g\",\"caption\":\"Imma Mestre\"},\"logo\":{\"@id\":\"https:\/\/old.immamestre.com\/#\/schema\/person\/image\/\"},\"description\":\"Hola soy Imma. Ilustradora. Hablo a trav\u00e9s de ilustraciones. Dame un l\u00e1piz y pinto tu mundo con historias ilustradas que te har\u00e1n despuntar.\",\"sameAs\":[\"https:\/\/www.immamestre.com\"]}]}<\/script>\n<!-- \/ Yoast SEO plugin. -->","yoast_head_json":{"title":"L\u00e1mina Tierra - Imma Mestre | Ilustraci\u00f3n","robots":{"index":"index","follow":"follow","max-snippet":"max-snippet:-1","max-image-preview":"max-image-preview:large","max-video-preview":"max-video-preview:-1"},"canonical":"https:\/\/old.immamestre.com\/es\/producto\/lamina-tierra\/","og_locale":"es_ES","og_type":"article","og_title":"L\u00e1mina Tierra - Imma Mestre | Ilustraci\u00f3n","og_description":"L\u00e1mina en A4 (21x29,7cm) para ti, que amas a nuestro planeta y te preocupas por \u00e9l. Es un manifiesto y un compromiso que coges hacia \u00e9l. Una concienciaci\u00f3n sobre la importancia de cuidarlo, porqu\u00e9 solo mejoraremos nuestro ecosistema y la \u00a0problem\u00e1tica ambiental si tamamos conciencia individual y bailamos todos unidos en una misma direcci\u00f3n.  (Lee atentamente las Condiciones de venta).","og_url":"https:\/\/old.immamestre.com\/es\/producto\/lamina-tierra\/","og_site_name":"Imma Mestre | Ilustraci\u00f3n","article_modified_time":"2021-11-28T17:55:26+00:00","og_image":[{"width":600,"height":600,"url":"https:\/\/old.immamestre.com\/wp-content\/uploads\/2020\/04\/AE0E1B7C-FD7A-4509-9809-DE16369DCD76.jpeg","type":"image\/jpeg"}],"twitter_misc":{"Tiempo de lectura":"1 minuto"},"schema":{"@context":"https:\/\/schema.org","@graph":[{"@type":"WebPage","@id":"https:\/\/old.immamestre.com\/es\/producto\/lamina-tierra\/","url":"https:\/\/old.immamestre.com\/es\/producto\/lamina-tierra\/","name":"L\u00e1mina Tierra - Imma Mestre | Ilustraci\u00f3n","isPartOf":{"@id":"https:\/\/old.immamestre.com\/#website"},"primaryImageOfPage":{"@id":"https:\/\/old.immamestre.com\/es\/producto\/lamina-tierra\/#primaryimage"},"image":{"@id":"https:\/\/old.immamestre.com\/es\/producto\/lamina-tierra\/#primaryimage"},"thumbnailUrl":"https:\/\/old.immamestre.com\/wp-content\/uploads\/2020\/04\/AE0E1B7C-FD7A-4509-9809-DE16369DCD76.jpeg","datePublished":"2020-04-22T19:23:26+00:00","dateModified":"2021-11-28T17:55:26+00:00","breadcrumb":{"@id":"https:\/\/old.immamestre.com\/es\/producto\/lamina-tierra\/#breadcrumb"},"inLanguage":"es","potentialAction":[{"@type":"ReadAction","target":["https:\/\/old.immamestre.com\/es\/producto\/lamina-tierra\/"]}]},{"@type":"ImageObject","inLanguage":"es","@id":"https:\/\/old.immamestre.com\/es\/producto\/lamina-tierra\/#primaryimage","url":"https:\/\/old.immamestre.com\/wp-content\/uploads\/2020\/04\/AE0E1B7C-FD7A-4509-9809-DE16369DCD76.jpeg","contentUrl":"https:\/\/old.immamestre.com\/wp-content\/uploads\/2020\/04\/AE0E1B7C-FD7A-4509-9809-DE16369DCD76.jpeg","width":600,"height":600},{"@type":"BreadcrumbList","@id":"https:\/\/old.immamestre.com\/es\/producto\/lamina-tierra\/#breadcrumb","itemListElement":[{"@type":"ListItem","position":1,"name":"Home","item":"https:\/\/old.immamestre.com\/"},{"@type":"ListItem","position":2,"name":"Tienda","item":"https:\/\/old.immamestre.com\/botiga\/"},{"@type":"ListItem","position":3,"name":"L\u00e1mina Tierra"}]},{"@type":"WebSite","@id":"https:\/\/old.immamestre.com\/#website","url":"https:\/\/old.immamestre.com\/","name":"Imma Mestre | Ilustraci\u00f3n","description":"ilustraci\u00f3n","publisher":{"@id":"https:\/\/old.immamestre.com\/#\/schema\/person\/f649c9039586af566b698906bc9da076"},"potentialAction":[{"@type":"SearchAction","target":{"@type":"EntryPoint","urlTemplate":"https:\/\/old.immamestre.com\/?s={search_term_string}"},"query-input":{"@type":"PropertyValueSpecification","valueRequired":true,"valueName":"search_term_string"}}],"inLanguage":"es"},{"@type":["Person","Organization"],"@id":"https:\/\/old.immamestre.com\/#\/schema\/person\/f649c9039586af566b698906bc9da076","name":"Imma Mestre","image":{"@type":"ImageObject","inLanguage":"es","@id":"https:\/\/old.immamestre.com\/#\/schema\/person\/image\/","url":"https:\/\/secure.gravatar.com\/avatar\/fe9530742331fb8e4cb4de875d82303426947d472e41eb783b6dc62694aa6aff?s=96&d=mm&r=g","contentUrl":"https:\/\/secure.gravatar.com\/avatar\/fe9530742331fb8e4cb4de875d82303426947d472e41eb783b6dc62694aa6aff?s=96&d=mm&r=g","caption":"Imma Mestre"},"logo":{"@id":"https:\/\/old.immamestre.com\/#\/schema\/person\/image\/"},"description":"Hola soy Imma. Ilustradora. Hablo a trav\u00e9s de ilustraciones. Dame un l\u00e1piz y pinto tu mundo con historias ilustradas que te har\u00e1n despuntar.","sameAs":["https:\/\/www.immamestre.com"]}]}},"_links":{"self":[{"href":"https:\/\/old.immamestre.com\/es\/wp-json\/wp\/v2\/product\/12300","targetHints":{"allow":["GET"]}}],"collection":[{"href":"https:\/\/old.immamestre.com\/es\/wp-json\/wp\/v2\/product"}],"about":[{"href":"https:\/\/old.immamestre.com\/es\/wp-json\/wp\/v2\/types\/product"}],"replies":[{"embeddable":true,"href":"https:\/\/old.immamestre.com\/es\/wp-json\/wp\/v2\/comments?post=12300"}],"wp:featuredmedia":[{"embeddable":true,"href":"https:\/\/old.immamestre.com\/es\/wp-json\/wp\/v2\/media\/12301"}],"wp:attachment":[{"href":"https:\/\/old.immamestre.com\/es\/wp-json\/wp\/v2\/media?parent=12300"}],"wp:term":[{"taxonomy":"product_brand","embeddable":true,"href":"https:\/\/old.immamestre.com\/es\/wp-json\/wp\/v2\/product_brand?post=12300"},{"taxonomy":"product_cat","embeddable":true,"href":"https:\/\/old.immamestre.com\/es\/wp-json\/wp\/v2\/product_cat?post=12300"},{"taxonomy":"product_tag","embeddable":true,"href":"https:\/\/old.immamestre.com\/es\/wp-json\/wp\/v2\/product_tag?post=12300"}],"curies":[{"name":"wp","href":"https:\/\/api.w.org\/{rel}","templated":true}]}}

Lámina Tierra

<p>Impreso en papel ecológico estucado mate de 300gr, a una cara y firmado por delante.</p>
<p>Tamaño: A4 (21×29,7cm)</p>
<p>No incluye marco.</p>
<p>(Lee atentamente las <a href="http://www.immamestre.com/condiciones-de-venta/">Condiciones de venta</a>).</p>

<p>Lámina en A4 (21&#215;29,7cm) para ti, que amas a nuestro planeta y te preocupas por él. Es un manifiesto y un compromiso que coges hacia él. Una concienciación sobre la importancia de cuidarlo, porqué solo mejoraremos nuestro ecosistema y la  problemática ambiental si tamamos conciencia individual y bailamos todos unidos en una misma dirección.</p>
<p>(Lee atentamente las <a href="http://www.immamestre.com/condiciones-de-venta/">Condiciones de venta</a>).</p>

<!-- This site is optimized with the Yoast SEO plugin v26.1.1 - https://yoast.com/wordpress/plugins/seo/ -->
<title>Lámina Tierra - Imma Mestre | Ilustración</title>
<meta name="robots" content="index, follow, max-snippet:-1, max-image-preview:large, max-video-preview:-1" />
<link rel="canonical" href="https://old.immamestre.com/es/producto/lamina-tierra/" />
<meta property="og:locale" content="es_ES" />
<meta property="og:type" content="article" />
<meta property="og:title" content="Lámina Tierra - Imma Mestre | Ilustración" />
<meta property="og:description" content="Lámina en A4 (21x29,7cm) para ti, que amas a nuestro planeta y te preocupas por él. Es un manifiesto y un compromiso que coges hacia él. Una concienciación sobre la importancia de cuidarlo, porqué solo mejoraremos nuestro ecosistema y la  problemática ambiental si tamamos conciencia individual y bailamos todos unidos en una misma dirección.  (Lee atentamente las Condiciones de venta)." />
<meta property="og:url" content="https://old.immamestre.com/es/producto/lamina-tierra/" />
<meta property="og:site_name" content="Imma Mestre | Ilustración" />
<meta property="article:modified_time" content="2021-11-28T17:55:26+00:00" />
<meta property="og:image" content="https://old.immamestre.com/wp-content/uploads/2020/04/AE0E1B7C-FD7A-4509-9809-DE16369DCD76.jpeg" />
	<meta property="og:image:width" content="600" />
	<meta property="og:image:height" content="600" />
	<meta property="og:image:type" content="image/jpeg" />
<meta name="twitter:label1" content="Tiempo de lectura" />
	<meta name="twitter:data1" content="1 minuto" />
<script type="application/ld+json" class="yoast-schema-graph">{"@context":"https://schema.org","@graph":[{"@type":"WebPage","@id":"https://old.immamestre.com/es/producto/lamina-tierra/","url":"https://old.immamestre.com/es/producto/lamina-tierra/","name":"Lámina Tierra - Imma Mestre | Ilustración","isPartOf":{"@id":"https://old.immamestre.com/#website"},"primaryImageOfPage":{"@id":"https://old.immamestre.com/es/producto/lamina-tierra/#primaryimage"},"image":{"@id":"https://old.immamestre.com/es/producto/lamina-tierra/#primaryimage"},"thumbnailUrl":"https://old.immamestre.com/wp-content/uploads/2020/04/AE0E1B7C-FD7A-4509-9809-DE16369DCD76.jpeg","datePublished":"2020-04-22T19:23:26+00:00","dateModified":"2021-11-28T17:55:26+00:00","breadcrumb":{"@id":"https://old.immamestre.com/es/producto/lamina-tierra/#breadcrumb"},"inLanguage":"es","potentialAction":[{"@type":"ReadAction","target":["https://old.immamestre.com/es/producto/lamina-tierra/"]}]},{"@type":"ImageObject","inLanguage":"es","@id":"https://old.immamestre.com/es/producto/lamina-tierra/#primaryimage","url":"https://old.immamestre.com/wp-content/uploads/2020/04/AE0E1B7C-FD7A-4509-9809-DE16369DCD76.jpeg","contentUrl":"https://old.immamestre.com/wp-content/uploads/2020/04/AE0E1B7C-FD7A-4509-9809-DE16369DCD76.jpeg","width":600,"height":600},{"@type":"BreadcrumbList","@id":"https://old.immamestre.com/es/producto/lamina-tierra/#breadcrumb","itemListElement":[{"@type":"ListItem","position":1,"name":"Home","item":"https://old.immamestre.com/"},{"@type":"ListItem","position":2,"name":"Tienda","item":"https://old.immamestre.com/botiga/"},{"@type":"ListItem","position":3,"name":"Lámina Tierra"}]},{"@type":"WebSite","@id":"https://old.immamestre.com/#website","url":"https://old.immamestre.com/","name":"Imma Mestre | Ilustración","description":"ilustración","publisher":{"@id":"https://old.immamestre.com/#/schema/person/f649c9039586af566b698906bc9da076"},"potentialAction":[{"@type":"SearchAction","target":{"@type":"EntryPoint","urlTemplate":"https://old.immamestre.com/?s={search_term_string}"},"query-input":{"@type":"PropertyValueSpecification","valueRequired":true,"valueName":"search_term_string"}}],"inLanguage":"es"},{"@type":["Person","Organization"],"@id":"https://old.immamestre.com/#/schema/person/f649c9039586af566b698906bc9da076","name":"Imma Mestre","image":{"@type":"ImageObject","inLanguage":"es","@id":"https://old.immamestre.com/#/schema/person/image/","url":"https://secure.gravatar.com/avatar/fe9530742331fb8e4cb4de875d82303426947d472e41eb783b6dc62694aa6aff?s=96&d=mm&r=g","contentUrl":"https://secure.gravatar.com/avatar/fe9530742331fb8e4cb4de875d82303426947d472e41eb783b6dc62694aa6aff?s=96&d=mm&r=g","caption":"Imma Mestre"},"logo":{"@id":"https://old.immamestre.com/#/schema/person/image/"},"description":"Hola soy Imma. Ilustradora. Hablo a través de ilustraciones. Dame un lápiz y pinto tu mundo con historias ilustradas que te harán despuntar.","sameAs":["https://www.immamestre.com"]}]}</script>
<!-- / Yoast SEO plugin. -->

Lámina Tierra - Imma Mestre | Ilustración

Lámina en A4 (21x29,7cm) para ti, que amas a nuestro planeta y te preocupas por él. Es un manifiesto y un compromiso que coges hacia él. Una concienciación sobre la importancia de cuidarlo, porqué solo mejoraremos nuestro ecosistema y la  problemática ambiental si tamamos conciencia individual y bailamos todos unidos en una misma dirección.  (Lee atentamente las Condiciones de venta).

Imma Mestre | Ilustración

ilustración

Hola soy Imma. Ilustradora. Hablo a través de ilustraciones. Dame un lápiz y pinto tu mundo con historias ilustradas que te harán despuntar.
