{"id":11876,"date":"2019-10-24T00:32:59","date_gmt":"2019-10-23T22:32:59","guid":{"rendered":"https:\/\/www.immamestre.com\/?post_type=product&#038;p=11876"},"modified":"2023-01-12T21:13:11","modified_gmt":"2023-01-12T20:13:11","slug":"pack-mini-stickers-planificadores","status":"publish","type":"product","link":"https:\/\/old.immamestre.com\/es\/producto\/pack-mini-stickers-planificadores\/","title":{"rendered":"Pack mini stickers planificadores"},"content":{"rendered":"<p>Ministickers planificadores de vinilo adhesivo. Pack de 3 l\u00e1minas para organizarte tus citas, programar fiestas, m\u00e9dicos, recordatorios, apuntar si hoy ha hecho bueno, si has tenido alg\u00fan que otro marr\u00f3n y se\u00f1alar muchas alegr\u00edas.<\/p>\n<ul>\n<li>108 ministickers repartidos en 3 l\u00e1minas<\/li>\n<li>Formato de la l\u00e1mina: A5 (14,85x21cm)<\/li>\n<li>impreso en vinilo mate<\/li>\n<\/ul>\n","protected":false},"excerpt":{"rendered":"<p>Ministickers planificadores. Pack de 3 l\u00e1minas para organizarte tus citas, programar fiestas, m\u00e9dicos, recordatorios, apuntar si hoy ha hecho bueno, si has tenido alg\u00fan que otro marr\u00f3n y se\u00f1alar muchas alegr\u00edas.<\/p>\n","protected":false},"featured_media":11877,"comment_status":"open","ping_status":"closed","template":"","meta":{"_et_pb_use_builder":"","_et_pb_old_content":"","_et_gb_content_width":"","_monsterinsights_skip_tracking":false,"_monsterinsights_sitenote_active":false,"_monsterinsights_sitenote_note":"","_monsterinsights_sitenote_category":0},"product_brand":[],"product_cat":[586],"product_tag":[],"class_list":{"0":"post-11876","1":"product","2":"type-product","3":"status-publish","4":"has-post-thumbnail","6":"product_cat-stickers","8":"first","9":"instock","10":"taxable","11":"shipping-taxable","12":"purchasable","13":"product-type-simple"},"yoast_head":"<!-- This site is optimized with the Yoast SEO plugin v26.1.1 - https:\/\/yoast.com\/wordpress\/plugins\/seo\/ -->\n<title>Pack mini stickers planificadores - Imma Mestre | Ilustraci\u00f3n<\/title>\n<meta name=\"robots\" content=\"index, follow, max-snippet:-1, max-image-preview:large, max-video-preview:-1\" \/>\n<link rel=\"canonical\" href=\"https:\/\/old.immamestre.com\/es\/producto\/pack-mini-stickers-planificadores\/\" \/>\n<meta property=\"og:locale\" content=\"es_ES\" \/>\n<meta property=\"og:type\" content=\"article\" \/>\n<meta property=\"og:title\" content=\"Pack mini stickers planificadores - Imma Mestre | Ilustraci\u00f3n\" \/>\n<meta property=\"og:description\" content=\"Ministickers planificadores. Pack de 3 l\u00e1minas para organizarte tus citas, programar fiestas, m\u00e9dicos, recordatorios, apuntar si hoy ha hecho bueno, si has tenido alg\u00fan que otro marr\u00f3n y se\u00f1alar muchas alegr\u00edas.\" \/>\n<meta property=\"og:url\" content=\"https:\/\/old.immamestre.com\/es\/producto\/pack-mini-stickers-planificadores\/\" \/>\n<meta property=\"og:site_name\" content=\"Imma Mestre | Ilustraci\u00f3n\" \/>\n<meta property=\"article:modified_time\" content=\"2023-01-12T20:13:11+00:00\" \/>\n<meta property=\"og:image\" content=\"https:\/\/old.immamestre.com\/wp-content\/uploads\/2019\/10\/Foto_Ministickers_Portada.jpg\" \/>\n\t<meta property=\"og:image:width\" content=\"600\" \/>\n\t<meta property=\"og:image:height\" content=\"600\" \/>\n\t<meta property=\"og:image:type\" content=\"image\/jpeg\" \/>\n<script type=\"application\/ld+json\" class=\"yoast-schema-graph\">{\"@context\":\"https:\/\/schema.org\",\"@graph\":[{\"@type\":\"WebPage\",\"@id\":\"https:\/\/old.immamestre.com\/es\/producto\/pack-mini-stickers-planificadores\/\",\"url\":\"https:\/\/old.immamestre.com\/es\/producto\/pack-mini-stickers-planificadores\/\",\"name\":\"Pack mini stickers planificadores - Imma Mestre | Ilustraci\u00f3n\",\"isPartOf\":{\"@id\":\"https:\/\/old.immamestre.com\/#website\"},\"primaryImageOfPage\":{\"@id\":\"https:\/\/old.immamestre.com\/es\/producto\/pack-mini-stickers-planificadores\/#primaryimage\"},\"image\":{\"@id\":\"https:\/\/old.immamestre.com\/es\/producto\/pack-mini-stickers-planificadores\/#primaryimage\"},\"thumbnailUrl\":\"https:\/\/old.immamestre.com\/wp-content\/uploads\/2019\/10\/Foto_Ministickers_Portada.jpg\",\"datePublished\":\"2019-10-23T22:32:59+00:00\",\"dateModified\":\"2023-01-12T20:13:11+00:00\",\"breadcrumb\":{\"@id\":\"https:\/\/old.immamestre.com\/es\/producto\/pack-mini-stickers-planificadores\/#breadcrumb\"},\"inLanguage\":\"es\",\"potentialAction\":[{\"@type\":\"ReadAction\",\"target\":[\"https:\/\/old.immamestre.com\/es\/producto\/pack-mini-stickers-planificadores\/\"]}]},{\"@type\":\"ImageObject\",\"inLanguage\":\"es\",\"@id\":\"https:\/\/old.immamestre.com\/es\/producto\/pack-mini-stickers-planificadores\/#primaryimage\",\"url\":\"https:\/\/old.immamestre.com\/wp-content\/uploads\/2019\/10\/Foto_Ministickers_Portada.jpg\",\"contentUrl\":\"https:\/\/old.immamestre.com\/wp-content\/uploads\/2019\/10\/Foto_Ministickers_Portada.jpg\",\"width\":600,\"height\":600},{\"@type\":\"BreadcrumbList\",\"@id\":\"https:\/\/old.immamestre.com\/es\/producto\/pack-mini-stickers-planificadores\/#breadcrumb\",\"itemListElement\":[{\"@type\":\"ListItem\",\"position\":1,\"name\":\"Home\",\"item\":\"https:\/\/old.immamestre.com\/\"},{\"@type\":\"ListItem\",\"position\":2,\"name\":\"Tienda\",\"item\":\"https:\/\/old.immamestre.com\/botiga\/\"},{\"@type\":\"ListItem\",\"position\":3,\"name\":\"Pack mini stickers planificadores\"}]},{\"@type\":\"WebSite\",\"@id\":\"https:\/\/old.immamestre.com\/#website\",\"url\":\"https:\/\/old.immamestre.com\/\",\"name\":\"Imma Mestre | Ilustraci\u00f3n\",\"description\":\"ilustraci\u00f3n\",\"publisher\":{\"@id\":\"https:\/\/old.immamestre.com\/#\/schema\/person\/f649c9039586af566b698906bc9da076\"},\"potentialAction\":[{\"@type\":\"SearchAction\",\"target\":{\"@type\":\"EntryPoint\",\"urlTemplate\":\"https:\/\/old.immamestre.com\/?s={search_term_string}\"},\"query-input\":{\"@type\":\"PropertyValueSpecification\",\"valueRequired\":true,\"valueName\":\"search_term_string\"}}],\"inLanguage\":\"es\"},{\"@type\":[\"Person\",\"Organization\"],\"@id\":\"https:\/\/old.immamestre.com\/#\/schema\/person\/f649c9039586af566b698906bc9da076\",\"name\":\"Imma Mestre\",\"image\":{\"@type\":\"ImageObject\",\"inLanguage\":\"es\",\"@id\":\"https:\/\/old.immamestre.com\/#\/schema\/person\/image\/\",\"url\":\"https:\/\/secure.gravatar.com\/avatar\/fe9530742331fb8e4cb4de875d82303426947d472e41eb783b6dc62694aa6aff?s=96&d=mm&r=g\",\"contentUrl\":\"https:\/\/secure.gravatar.com\/avatar\/fe9530742331fb8e4cb4de875d82303426947d472e41eb783b6dc62694aa6aff?s=96&d=mm&r=g\",\"caption\":\"Imma Mestre\"},\"logo\":{\"@id\":\"https:\/\/old.immamestre.com\/#\/schema\/person\/image\/\"},\"description\":\"Hola soy Imma. Ilustradora. Hablo a trav\u00e9s de ilustraciones. Dame un l\u00e1piz y pinto tu mundo con historias ilustradas que te har\u00e1n despuntar.\",\"sameAs\":[\"https:\/\/www.immamestre.com\"]}]}<\/script>\n<!-- \/ Yoast SEO plugin. -->","yoast_head_json":{"title":"Pack mini stickers planificadores - Imma Mestre | Ilustraci\u00f3n","robots":{"index":"index","follow":"follow","max-snippet":"max-snippet:-1","max-image-preview":"max-image-preview:large","max-video-preview":"max-video-preview:-1"},"canonical":"https:\/\/old.immamestre.com\/es\/producto\/pack-mini-stickers-planificadores\/","og_locale":"es_ES","og_type":"article","og_title":"Pack mini stickers planificadores - Imma Mestre | Ilustraci\u00f3n","og_description":"Ministickers planificadores. Pack de 3 l\u00e1minas para organizarte tus citas, programar fiestas, m\u00e9dicos, recordatorios, apuntar si hoy ha hecho bueno, si has tenido alg\u00fan que otro marr\u00f3n y se\u00f1alar muchas alegr\u00edas.","og_url":"https:\/\/old.immamestre.com\/es\/producto\/pack-mini-stickers-planificadores\/","og_site_name":"Imma Mestre | Ilustraci\u00f3n","article_modified_time":"2023-01-12T20:13:11+00:00","og_image":[{"width":600,"height":600,"url":"https:\/\/old.immamestre.com\/wp-content\/uploads\/2019\/10\/Foto_Ministickers_Portada.jpg","type":"image\/jpeg"}],"schema":{"@context":"https:\/\/schema.org","@graph":[{"@type":"WebPage","@id":"https:\/\/old.immamestre.com\/es\/producto\/pack-mini-stickers-planificadores\/","url":"https:\/\/old.immamestre.com\/es\/producto\/pack-mini-stickers-planificadores\/","name":"Pack mini stickers planificadores - Imma Mestre | Ilustraci\u00f3n","isPartOf":{"@id":"https:\/\/old.immamestre.com\/#website"},"primaryImageOfPage":{"@id":"https:\/\/old.immamestre.com\/es\/producto\/pack-mini-stickers-planificadores\/#primaryimage"},"image":{"@id":"https:\/\/old.immamestre.com\/es\/producto\/pack-mini-stickers-planificadores\/#primaryimage"},"thumbnailUrl":"https:\/\/old.immamestre.com\/wp-content\/uploads\/2019\/10\/Foto_Ministickers_Portada.jpg","datePublished":"2019-10-23T22:32:59+00:00","dateModified":"2023-01-12T20:13:11+00:00","breadcrumb":{"@id":"https:\/\/old.immamestre.com\/es\/producto\/pack-mini-stickers-planificadores\/#breadcrumb"},"inLanguage":"es","potentialAction":[{"@type":"ReadAction","target":["https:\/\/old.immamestre.com\/es\/producto\/pack-mini-stickers-planificadores\/"]}]},{"@type":"ImageObject","inLanguage":"es","@id":"https:\/\/old.immamestre.com\/es\/producto\/pack-mini-stickers-planificadores\/#primaryimage","url":"https:\/\/old.immamestre.com\/wp-content\/uploads\/2019\/10\/Foto_Ministickers_Portada.jpg","contentUrl":"https:\/\/old.immamestre.com\/wp-content\/uploads\/2019\/10\/Foto_Ministickers_Portada.jpg","width":600,"height":600},{"@type":"BreadcrumbList","@id":"https:\/\/old.immamestre.com\/es\/producto\/pack-mini-stickers-planificadores\/#breadcrumb","itemListElement":[{"@type":"ListItem","position":1,"name":"Home","item":"https:\/\/old.immamestre.com\/"},{"@type":"ListItem","position":2,"name":"Tienda","item":"https:\/\/old.immamestre.com\/botiga\/"},{"@type":"ListItem","position":3,"name":"Pack mini stickers planificadores"}]},{"@type":"WebSite","@id":"https:\/\/old.immamestre.com\/#website","url":"https:\/\/old.immamestre.com\/","name":"Imma Mestre | Ilustraci\u00f3n","description":"ilustraci\u00f3n","publisher":{"@id":"https:\/\/old.immamestre.com\/#\/schema\/person\/f649c9039586af566b698906bc9da076"},"potentialAction":[{"@type":"SearchAction","target":{"@type":"EntryPoint","urlTemplate":"https:\/\/old.immamestre.com\/?s={search_term_string}"},"query-input":{"@type":"PropertyValueSpecification","valueRequired":true,"valueName":"search_term_string"}}],"inLanguage":"es"},{"@type":["Person","Organization"],"@id":"https:\/\/old.immamestre.com\/#\/schema\/person\/f649c9039586af566b698906bc9da076","name":"Imma Mestre","image":{"@type":"ImageObject","inLanguage":"es","@id":"https:\/\/old.immamestre.com\/#\/schema\/person\/image\/","url":"https:\/\/secure.gravatar.com\/avatar\/fe9530742331fb8e4cb4de875d82303426947d472e41eb783b6dc62694aa6aff?s=96&d=mm&r=g","contentUrl":"https:\/\/secure.gravatar.com\/avatar\/fe9530742331fb8e4cb4de875d82303426947d472e41eb783b6dc62694aa6aff?s=96&d=mm&r=g","caption":"Imma Mestre"},"logo":{"@id":"https:\/\/old.immamestre.com\/#\/schema\/person\/image\/"},"description":"Hola soy Imma. Ilustradora. Hablo a trav\u00e9s de ilustraciones. Dame un l\u00e1piz y pinto tu mundo con historias ilustradas que te har\u00e1n despuntar.","sameAs":["https:\/\/www.immamestre.com"]}]}},"_links":{"self":[{"href":"https:\/\/old.immamestre.com\/es\/wp-json\/wp\/v2\/product\/11876","targetHints":{"allow":["GET"]}}],"collection":[{"href":"https:\/\/old.immamestre.com\/es\/wp-json\/wp\/v2\/product"}],"about":[{"href":"https:\/\/old.immamestre.com\/es\/wp-json\/wp\/v2\/types\/product"}],"replies":[{"embeddable":true,"href":"https:\/\/old.immamestre.com\/es\/wp-json\/wp\/v2\/comments?post=11876"}],"wp:featuredmedia":[{"embeddable":true,"href":"https:\/\/old.immamestre.com\/es\/wp-json\/wp\/v2\/media\/11877"}],"wp:attachment":[{"href":"https:\/\/old.immamestre.com\/es\/wp-json\/wp\/v2\/media?parent=11876"}],"wp:term":[{"taxonomy":"product_brand","embeddable":true,"href":"https:\/\/old.immamestre.com\/es\/wp-json\/wp\/v2\/product_brand?post=11876"},{"taxonomy":"product_cat","embeddable":true,"href":"https:\/\/old.immamestre.com\/es\/wp-json\/wp\/v2\/product_cat?post=11876"},{"taxonomy":"product_tag","embeddable":true,"href":"https:\/\/old.immamestre.com\/es\/wp-json\/wp\/v2\/product_tag?post=11876"}],"curies":[{"name":"wp","href":"https:\/\/api.w.org\/{rel}","templated":true}]}}

<p>Ministickers planificadores de vinilo adhesivo. Pack de 3 láminas para organizarte tus citas, programar fiestas, médicos, recordatorios, apuntar si hoy ha hecho bueno, si has tenido algún que otro marrón y señalar muchas alegrías.</p>
<ul>
<li>108 ministickers repartidos en 3 láminas</li>
<li>Formato de la lámina: A5 (14,85x21cm)</li>
<li>impreso en vinilo mate</li>
</ul>

<p>Ministickers planificadores. Pack de 3 láminas para organizarte tus citas, programar fiestas, médicos, recordatorios, apuntar si hoy ha hecho bueno, si has tenido algún que otro marrón y señalar muchas alegrías.</p>

<!-- This site is optimized with the Yoast SEO plugin v26.1.1 - https://yoast.com/wordpress/plugins/seo/ -->
<title>Pack mini stickers planificadores - Imma Mestre | Ilustración</title>
<meta name="robots" content="index, follow, max-snippet:-1, max-image-preview:large, max-video-preview:-1" />
<link rel="canonical" href="https://old.immamestre.com/es/producto/pack-mini-stickers-planificadores/" />
<meta property="og:locale" content="es_ES" />
<meta property="og:type" content="article" />
<meta property="og:title" content="Pack mini stickers planificadores - Imma Mestre | Ilustración" />
<meta property="og:description" content="Ministickers planificadores. Pack de 3 láminas para organizarte tus citas, programar fiestas, médicos, recordatorios, apuntar si hoy ha hecho bueno, si has tenido algún que otro marrón y señalar muchas alegrías." />
<meta property="og:url" content="https://old.immamestre.com/es/producto/pack-mini-stickers-planificadores/" />
<meta property="og:site_name" content="Imma Mestre | Ilustración" />
<meta property="article:modified_time" content="2023-01-12T20:13:11+00:00" />
<meta property="og:image" content="https://old.immamestre.com/wp-content/uploads/2019/10/Foto_Ministickers_Portada.jpg" />
	<meta property="og:image:width" content="600" />
	<meta property="og:image:height" content="600" />
	<meta property="og:image:type" content="image/jpeg" />
<script type="application/ld+json" class="yoast-schema-graph">{"@context":"https://schema.org","@graph":[{"@type":"WebPage","@id":"https://old.immamestre.com/es/producto/pack-mini-stickers-planificadores/","url":"https://old.immamestre.com/es/producto/pack-mini-stickers-planificadores/","name":"Pack mini stickers planificadores - Imma Mestre | Ilustración","isPartOf":{"@id":"https://old.immamestre.com/#website"},"primaryImageOfPage":{"@id":"https://old.immamestre.com/es/producto/pack-mini-stickers-planificadores/#primaryimage"},"image":{"@id":"https://old.immamestre.com/es/producto/pack-mini-stickers-planificadores/#primaryimage"},"thumbnailUrl":"https://old.immamestre.com/wp-content/uploads/2019/10/Foto_Ministickers_Portada.jpg","datePublished":"2019-10-23T22:32:59+00:00","dateModified":"2023-01-12T20:13:11+00:00","breadcrumb":{"@id":"https://old.immamestre.com/es/producto/pack-mini-stickers-planificadores/#breadcrumb"},"inLanguage":"es","potentialAction":[{"@type":"ReadAction","target":["https://old.immamestre.com/es/producto/pack-mini-stickers-planificadores/"]}]},{"@type":"ImageObject","inLanguage":"es","@id":"https://old.immamestre.com/es/producto/pack-mini-stickers-planificadores/#primaryimage","url":"https://old.immamestre.com/wp-content/uploads/2019/10/Foto_Ministickers_Portada.jpg","contentUrl":"https://old.immamestre.com/wp-content/uploads/2019/10/Foto_Ministickers_Portada.jpg","width":600,"height":600},{"@type":"BreadcrumbList","@id":"https://old.immamestre.com/es/producto/pack-mini-stickers-planificadores/#breadcrumb","itemListElement":[{"@type":"ListItem","position":1,"name":"Home","item":"https://old.immamestre.com/"},{"@type":"ListItem","position":2,"name":"Tienda","item":"https://old.immamestre.com/botiga/"},{"@type":"ListItem","position":3,"name":"Pack mini stickers planificadores"}]},{"@type":"WebSite","@id":"https://old.immamestre.com/#website","url":"https://old.immamestre.com/","name":"Imma Mestre | Ilustración","description":"ilustración","publisher":{"@id":"https://old.immamestre.com/#/schema/person/f649c9039586af566b698906bc9da076"},"potentialAction":[{"@type":"SearchAction","target":{"@type":"EntryPoint","urlTemplate":"https://old.immamestre.com/?s={search_term_string}"},"query-input":{"@type":"PropertyValueSpecification","valueRequired":true,"valueName":"search_term_string"}}],"inLanguage":"es"},{"@type":["Person","Organization"],"@id":"https://old.immamestre.com/#/schema/person/f649c9039586af566b698906bc9da076","name":"Imma Mestre","image":{"@type":"ImageObject","inLanguage":"es","@id":"https://old.immamestre.com/#/schema/person/image/","url":"https://secure.gravatar.com/avatar/fe9530742331fb8e4cb4de875d82303426947d472e41eb783b6dc62694aa6aff?s=96&d=mm&r=g","contentUrl":"https://secure.gravatar.com/avatar/fe9530742331fb8e4cb4de875d82303426947d472e41eb783b6dc62694aa6aff?s=96&d=mm&r=g","caption":"Imma Mestre"},"logo":{"@id":"https://old.immamestre.com/#/schema/person/image/"},"description":"Hola soy Imma. Ilustradora. Hablo a través de ilustraciones. Dame un lápiz y pinto tu mundo con historias ilustradas que te harán despuntar.","sameAs":["https://www.immamestre.com"]}]}</script>
<!-- / Yoast SEO plugin. -->

Pack mini stickers planificadores - Imma Mestre | Ilustración

Ministickers planificadores. Pack de 3 láminas para organizarte tus citas, programar fiestas, médicos, recordatorios, apuntar si hoy ha hecho bueno, si has tenido algún que otro marrón y señalar muchas alegrías.

Imma Mestre | Ilustración

ilustración

Hola soy Imma. Ilustradora. Hablo a través de ilustraciones. Dame un lápiz y pinto tu mundo con historias ilustradas que te harán despuntar.
