{"version":"1.0","provider_name":"Imma Mestre | Ilustraci\u00f3n","provider_url":"https:\/\/old.immamestre.com\/es\/","author_name":"Imma Mestre","author_url":"https:\/\/old.immamestre.com\/es\/author\/alpha\/","title":"Les plantes de l\u2019avi (catal\u00e0) - Imma Mestre | Ilustraci\u00f3n","type":"rich","width":600,"height":338,"html":"<blockquote class=\"wp-embedded-content\" data-secret=\"aeuSxRIN0R\"><a href=\"https:\/\/old.immamestre.com\/es\/producto\/lesplantesdelavi\/\">Les plantes de l\u2019avi (catal\u00e0)<\/a><\/blockquote><iframe sandbox=\"allow-scripts\" security=\"restricted\" src=\"https:\/\/old.immamestre.com\/es\/producto\/lesplantesdelavi\/embed\/#?secret=aeuSxRIN0R\" width=\"600\" height=\"338\" title=\"\u00abLes plantes de l\u2019avi (catal\u00e0)\u00bb \u2014 Imma Mestre | Ilustraci\u00f3n\" data-secret=\"aeuSxRIN0R\" frameborder=\"0\" marginwidth=\"0\" marginheight=\"0\" scrolling=\"no\" class=\"wp-embedded-content\"><\/iframe><script type=\"text\/javascript\">\n\/* <![CDATA[ *\/\n\/*! This file is auto-generated *\/\n!function(d,l){\"use strict\";l.querySelector&&d.addEventListener&&\"undefined\"!=typeof URL&&(d.wp=d.wp||{},d.wp.receiveEmbedMessage||(d.wp.receiveEmbedMessage=function(e){var t=e.data;if((t||t.secret||t.message||t.value)&&!\/[^a-zA-Z0-9]\/.test(t.secret)){for(var s,r,n,a=l.querySelectorAll('iframe[data-secret=\"'+t.secret+'\"]'),o=l.querySelectorAll('blockquote[data-secret=\"'+t.secret+'\"]'),c=new RegExp(\"^https?:$\",\"i\"),i=0;i<o.length;i++)o[i].style.display=\"none\";for(i=0;i<a.length;i++)s=a[i],e.source===s.contentWindow&&(s.removeAttribute(\"style\"),\"height\"===t.message?(1e3<(r=parseInt(t.value,10))?r=1e3:~~r<200&&(r=200),s.height=r):\"link\"===t.message&&(r=new URL(s.getAttribute(\"src\")),n=new URL(t.value),c.test(n.protocol))&&n.host===r.host&&l.activeElement===s&&(d.top.location.href=t.value))}},d.addEventListener(\"message\",d.wp.receiveEmbedMessage,!1),l.addEventListener(\"DOMContentLoaded\",function(){for(var e,t,s=l.querySelectorAll(\"iframe.wp-embedded-content\"),r=0;r<s.length;r++)(t=(e=s[r]).getAttribute(\"data-secret\"))||(t=Math.random().toString(36).substring(2,12),e.src+=\"#?secret=\"+t,e.setAttribute(\"data-secret\",t)),e.contentWindow.postMessage({message:\"ready\",secret:t},\"*\")},!1)))}(window,document);\n\/* ]]> *\/\n<\/script>\n","thumbnail_url":"https:\/\/old.immamestre.com\/wp-content\/uploads\/2021\/01\/IL_LPDLA_PortadaCAT.jpg","thumbnail_width":1080,"thumbnail_height":1080,"description":"L'avi tenia moltes plantes, moltes m\u00e9s que no pas fills! Els cantava, les regava i mimava i aix\u00f2 \u00faltim tamb\u00e9 ho feia amb mi.  \u00c1lbum ilustrado donde una ni\u00f1a recuerda a su abuelo mediante el amor mutuo que tienen por las plantas.  En esta web, la versi\u00f3n en catal\u00e1n est\u00e1 agotada, pero puedes comprarla en las librer\u00edas\u00a0o en la\u00a0p\u00e1gina web de la editorial."}

Imma Mestre | Ilustración

Les plantes de l’avi (català) - Imma Mestre | Ilustración

<blockquote class="wp-embedded-content" data-secret="aeuSxRIN0R"><a href="https://old.immamestre.com/es/producto/lesplantesdelavi/">Les plantes de l’avi (català)</a></blockquote><iframe sandbox="allow-scripts" security="restricted" src="https://old.immamestre.com/es/producto/lesplantesdelavi/embed/#?secret=aeuSxRIN0R" width="600" height="338" title="«Les plantes de l’avi (català)» — Imma Mestre | Ilustración" data-secret="aeuSxRIN0R" frameborder="0" marginwidth="0" marginheight="0" scrolling="no" class="wp-embedded-content"></iframe><script type="text/javascript">
/* <![CDATA[ */
/*! This file is auto-generated */
!function(d,l){"use strict";l.querySelector&&d.addEventListener&&"undefined"!=typeof URL&&(d.wp=d.wp||{},d.wp.receiveEmbedMessage||(d.wp.receiveEmbedMessage=function(e){var t=e.data;if((t||t.secret||t.message||t.value)&&!/[^a-zA-Z0-9]/.test(t.secret)){for(var s,r,n,a=l.querySelectorAll('iframe[data-secret="'+t.secret+'"]'),o=l.querySelectorAll('blockquote[data-secret="'+t.secret+'"]'),c=new RegExp("^https?:$","i"),i=0;i<o.length;i++)o[i].style.display="none";for(i=0;i<a.length;i++)s=a[i],e.source===s.contentWindow&&(s.removeAttribute("style"),"height"===t.message?(1e3<(r=parseInt(t.value,10))?r=1e3:~~r<200&&(r=200),s.height=r):"link"===t.message&&(r=new URL(s.getAttribute("src")),n=new URL(t.value),c.test(n.protocol))&&n.host===r.host&&l.activeElement===s&&(d.top.location.href=t.value))}},d.addEventListener("message",d.wp.receiveEmbedMessage,!1),l.addEventListener("DOMContentLoaded",function(){for(var e,t,s=l.querySelectorAll("iframe.wp-embedded-content"),r=0;r<s.length;r++)(t=(e=s[r]).getAttribute("data-secret"))||(t=Math.random().toString(36).substring(2,12),e.src+="#?secret="+t,e.setAttribute("data-secret",t)),e.contentWindow.postMessage({message:"ready",secret:t},"*")},!1)))}(window,document);
/* ]]> */
</script>

L'avi tenia moltes plantes, moltes més que no pas fills! Els cantava, les regava i mimava i això últim també ho feia amb mi.  Álbum ilustrado donde una niña recuerda a su abuelo mediante el amor mutuo que tienen por las plantas.  En esta web, la versión en catalán está agotada, pero puedes comprarla en las librerías o en la página web de la editorial.
