{"version":"1.0","provider_name":"Imma Mestre | Ilustraci\u00f3n","provider_url":"https:\/\/old.immamestre.com\/es\/","author_name":"Imma Mestre","author_url":"https:\/\/old.immamestre.com\/es\/author\/alpha\/","title":"Agenda permanente - Imma Mestre | Ilustraci\u00f3n","type":"rich","width":600,"height":338,"html":"<blockquote class=\"wp-embedded-content\" data-secret=\"3N9MzFx8Sc\"><a href=\"https:\/\/old.immamestre.com\/es\/producto\/agenda-permanente\/\">Agenda permanente<\/a><\/blockquote><iframe sandbox=\"allow-scripts\" security=\"restricted\" src=\"https:\/\/old.immamestre.com\/es\/producto\/agenda-permanente\/embed\/#?secret=3N9MzFx8Sc\" width=\"600\" height=\"338\" title=\"\u00abAgenda permanente\u00bb \u2014 Imma Mestre | Ilustraci\u00f3n\" data-secret=\"3N9MzFx8Sc\" frameborder=\"0\" marginwidth=\"0\" marginheight=\"0\" scrolling=\"no\" class=\"wp-embedded-content\"><\/iframe><script type=\"text\/javascript\">\n\/* <![CDATA[ *\/\n\/*! This file is auto-generated *\/\n!function(d,l){\"use strict\";l.querySelector&&d.addEventListener&&\"undefined\"!=typeof URL&&(d.wp=d.wp||{},d.wp.receiveEmbedMessage||(d.wp.receiveEmbedMessage=function(e){var t=e.data;if((t||t.secret||t.message||t.value)&&!\/[^a-zA-Z0-9]\/.test(t.secret)){for(var s,r,n,a=l.querySelectorAll('iframe[data-secret=\"'+t.secret+'\"]'),o=l.querySelectorAll('blockquote[data-secret=\"'+t.secret+'\"]'),c=new RegExp(\"^https?:$\",\"i\"),i=0;i<o.length;i++)o[i].style.display=\"none\";for(i=0;i<a.length;i++)s=a[i],e.source===s.contentWindow&&(s.removeAttribute(\"style\"),\"height\"===t.message?(1e3<(r=parseInt(t.value,10))?r=1e3:~~r<200&&(r=200),s.height=r):\"link\"===t.message&&(r=new URL(s.getAttribute(\"src\")),n=new URL(t.value),c.test(n.protocol))&&n.host===r.host&&l.activeElement===s&&(d.top.location.href=t.value))}},d.addEventListener(\"message\",d.wp.receiveEmbedMessage,!1),l.addEventListener(\"DOMContentLoaded\",function(){for(var e,t,s=l.querySelectorAll(\"iframe.wp-embedded-content\"),r=0;r<s.length;r++)(t=(e=s[r]).getAttribute(\"data-secret\"))||(t=Math.random().toString(36).substring(2,12),e.src+=\"#?secret=\"+t,e.setAttribute(\"data-secret\",t)),e.contentWindow.postMessage({message:\"ready\",secret:t},\"*\")},!1)))}(window,document);\n\/* ]]> *\/\n<\/script>\n","thumbnail_url":"https:\/\/old.immamestre.com\/wp-content\/uploads\/2021\/06\/1DDEE153-9EF9-4810-AD28-601C2D3A2F0C.jpeg","thumbnail_width":1080,"thumbnail_height":1350,"description":"\u00a1\u00c9sta es una agenda - planificador genial! La empiezas cuando quieras. Sin fechas, ni meses, ni d\u00edas, ni semanas, ni a\u00f1os. En septiembre, en enero o en medio del a\u00f1o. Tu decides cuando es tu mejor momento. Tiene un dise\u00f1o ilustrado atractivo, alegre y atrayente, con ilustraciones interiores a cada inicio de apartado, para que planificar tu d\u00eda a d\u00eda deje de ser un aburrimiento y se convierta en un momento agradable, inspiracional y que te apetezca.  De formato mini. Ideal para organizar tus tareas diarias sin sobre ocuparte. Lo que no te quepa en el espacio destinado, es que no toca hacer ese d\u00eda. As\u00ed es mi f\u00f3rmula para evitar tareas pendientes sin frustrarme por no conseguir lo que me propongo.  Con \u00e9sta agenda mini, lleva tus planes y tareas al d\u00eda sin estresarte ni tener esa insufrible sensaci\u00f3n de que no te da la vida, porqu\u00e9 en realidad, la vida s\u00ed te da, solo necesitas darle a cada cosa, su espacio.\u00a0"}

Imma Mestre | Ilustración

Agenda permanente - Imma Mestre | Ilustración

<blockquote class="wp-embedded-content" data-secret="3N9MzFx8Sc"><a href="https://old.immamestre.com/es/producto/agenda-permanente/">Agenda permanente</a></blockquote><iframe sandbox="allow-scripts" security="restricted" src="https://old.immamestre.com/es/producto/agenda-permanente/embed/#?secret=3N9MzFx8Sc" width="600" height="338" title="«Agenda permanente» — Imma Mestre | Ilustración" data-secret="3N9MzFx8Sc" frameborder="0" marginwidth="0" marginheight="0" scrolling="no" class="wp-embedded-content"></iframe><script type="text/javascript">
/* <![CDATA[ */
/*! This file is auto-generated */
!function(d,l){"use strict";l.querySelector&&d.addEventListener&&"undefined"!=typeof URL&&(d.wp=d.wp||{},d.wp.receiveEmbedMessage||(d.wp.receiveEmbedMessage=function(e){var t=e.data;if((t||t.secret||t.message||t.value)&&!/[^a-zA-Z0-9]/.test(t.secret)){for(var s,r,n,a=l.querySelectorAll('iframe[data-secret="'+t.secret+'"]'),o=l.querySelectorAll('blockquote[data-secret="'+t.secret+'"]'),c=new RegExp("^https?:$","i"),i=0;i<o.length;i++)o[i].style.display="none";for(i=0;i<a.length;i++)s=a[i],e.source===s.contentWindow&&(s.removeAttribute("style"),"height"===t.message?(1e3<(r=parseInt(t.value,10))?r=1e3:~~r<200&&(r=200),s.height=r):"link"===t.message&&(r=new URL(s.getAttribute("src")),n=new URL(t.value),c.test(n.protocol))&&n.host===r.host&&l.activeElement===s&&(d.top.location.href=t.value))}},d.addEventListener("message",d.wp.receiveEmbedMessage,!1),l.addEventListener("DOMContentLoaded",function(){for(var e,t,s=l.querySelectorAll("iframe.wp-embedded-content"),r=0;r<s.length;r++)(t=(e=s[r]).getAttribute("data-secret"))||(t=Math.random().toString(36).substring(2,12),e.src+="#?secret="+t,e.setAttribute("data-secret",t)),e.contentWindow.postMessage({message:"ready",secret:t},"*")},!1)))}(window,document);
/* ]]> */
</script>

¡Ésta es una agenda - planificador genial! La empiezas cuando quieras. Sin fechas, ni meses, ni días, ni semanas, ni años. En septiembre, en enero o en medio del año. Tu decides cuando es tu mejor momento. Tiene un diseño ilustrado atractivo, alegre y atrayente, con ilustraciones interiores a cada inicio de apartado, para que planificar tu día a día deje de ser un aburrimiento y se convierta en un momento agradable, inspiracional y que te apetezca.  De formato mini. Ideal para organizar tus tareas diarias sin sobre ocuparte. Lo que no te quepa en el espacio destinado, es que no toca hacer ese día. Así es mi fórmula para evitar tareas pendientes sin frustrarme por no conseguir lo que me propongo.  Con ésta agenda mini, lleva tus planes y tareas al día sin estresarte ni tener esa insufrible sensación de que no te da la vida, porqué en realidad, la vida sí te da, solo necesitas darle a cada cosa, su espacio.
